CRAN Package Check Results for Package BSW

Last updated on 2023-12-04 07:50:49 CET.

Flavor Version Tinstall Tcheck Ttotal Status Flags
r-devel-linux-x86_64-debian-clang 0.1.1 7.51 74.02 81.53 NOTE
r-devel-linux-x86_64-debian-gcc 0.1.1 5.52 56.99 62.51 NOTE
r-devel-linux-x86_64-fedora-clang 0.1.1 102.02 NOTE
r-devel-linux-x86_64-fedora-gcc 0.1.1 109.42 NOTE
r-devel-windows-x86_64 0.1.1 7.00 73.00 80.00 NOTE
r-patched-linux-x86_64 0.1.1 7.08 74.61 81.69 NOTE
r-release-linux-x86_64 0.1.1 7.97 73.34 81.31 NOTE
r-release-macos-arm64 0.1.1 40.00 NOTE
r-release-macos-x86_64 0.1.1 61.00 NOTE
r-release-windows-x86_64 0.1.1 8.00 83.00 91.00 NOTE
r-oldrel-macos-arm64 0.1.1 38.00 NOTE
r-oldrel-macos-x86_64 0.1.1 49.00 NOTE
r-oldrel-windows-x86_64 0.1.1 10.00 89.00 99.00 NOTE

Check Details

Version: 0.1.1
Check: LazyData
Result: NOTE 'LazyData' is specified without a 'data' directory Flavors: r-devel-linux-x86_64-debian-clang, r-devel-linux-x86_64-debian-gcc, r-devel-linux-x86_64-fedora-clang, r-devel-linux-x86_64-fedora-gcc, r-devel-windows-x86_64, r-patched-linux-x86_64, r-release-linux-x86_64, r-release-macos-arm64, r-release-macos-x86_64, r-release-windows-x86_64, r-oldrel-macos-arm64, r-oldrel-macos-x86_64, r-oldrel-windows-x86_64