CRAN Package Check Results for Package BTYDplus

Last updated on 2024-07-22 06:49:03 CEST.

Flavor Version Tinstall Tcheck Ttotal Status Flags
r-devel-linux-x86_64-debian-clang 1.2.0 28.17 375.32 403.49 NOTE
r-devel-linux-x86_64-debian-gcc 1.2.0 18.61 283.22 301.83 NOTE
r-devel-linux-x86_64-fedora-clang 1.2.0 576.49 NOTE
r-devel-linux-x86_64-fedora-gcc 1.2.0 515.26 NOTE
r-devel-windows-x86_64 1.2.0 25.00 279.00 304.00 NOTE --no-vignettes
r-patched-linux-x86_64 1.2.0 32.99 383.76 416.75 NOTE
r-release-linux-x86_64 1.2.0 24.40 391.54 415.94 NOTE
r-release-macos-arm64 1.2.0 148.00 NOTE
r-release-macos-x86_64 1.2.0 336.00 NOTE
r-release-windows-x86_64 1.2.0 29.00 281.00 310.00 NOTE --no-vignettes
r-oldrel-macos-arm64 1.2.0 140.00 OK
r-oldrel-macos-x86_64 1.2.0 224.00 NOTE
r-oldrel-windows-x86_64 1.2.0 38.00 264.00 302.00 OK --no-vignettes

Check Details

Version: 1.2.0
Check: Rd files
Result: NOTE checkRd: (-1) pnbd.mcmc.DrawParameters.Rd:45: Lost braces in \itemize; \value handles \item{}{} directly checkRd: (-1) pnbd.mcmc.DrawParameters.Rd:46: Lost braces in \itemize; \value handles \item{}{} directly Flavors: r-devel-linux-x86_64-debian-clang, r-devel-linux-x86_64-debian-gcc, r-devel-linux-x86_64-fedora-clang, r-devel-linux-x86_64-fedora-gcc, r-patched-linux-x86_64, r-release-linux-x86_64, r-release-macos-arm64, r-release-macos-x86_64

Version: 1.2.0
Check: Rd cross-references
Result: NOTE Found the following Rd file(s) with Rd \link{} targets missing package anchors: abe.mcmc.DrawParameters.Rd: mcmc.list pggg.mcmc.DrawParameters.Rd: mcmc.list pnbd.mcmc.DrawParameters.Rd: mcmc.list Please provide package anchors for all Rd \link{} targets not in the package itself and the base packages. Flavor: r-devel-linux-x86_64-debian-gcc

Version: 1.2.0
Flags: --no-vignettes
Check: Rd files
Result: NOTE checkRd: (-1) pnbd.mcmc.DrawParameters.Rd:45: Lost braces in \itemize; \value handles \item{}{} directly checkRd: (-1) pnbd.mcmc.DrawParameters.Rd:46: Lost braces in \itemize; \value handles \item{}{} directly Flavors: r-devel-windows-x86_64, r-release-windows-x86_64

Version: 1.2.0
Flags: --no-vignettes
Check: Rd cross-references
Result: NOTE Found the following Rd file(s) with Rd \link{} targets missing package anchors: abe.mcmc.DrawParameters.Rd: mcmc.list pggg.mcmc.DrawParameters.Rd: mcmc.list pnbd.mcmc.DrawParameters.Rd: mcmc.list Please provide package anchors for all Rd \link{} targets not in the package itself and the base packages. Flavor: r-devel-windows-x86_64

Version: 1.2.0
Check: package dependencies
Result: NOTE Package suggested but not available for checking: ‘gsl’ Flavor: r-oldrel-macos-x86_64