CRAN Package Check Results for Package BVSNLP

Last updated on 2022-07-05 01:52:05 CEST.

Flavor Version Tinstall Tcheck Ttotal Status Flags
r-devel-linux-x86_64-debian-clang 1.1.9 75.52 42.46 117.98 NOTE
r-devel-linux-x86_64-debian-gcc 1.1.9 63.84 32.96 96.80 NOTE
r-devel-linux-x86_64-fedora-clang 1.1.9 179.43 NOTE
r-devel-linux-x86_64-fedora-gcc 1.1.9 173.85 NOTE
r-devel-windows-x86_64 1.1.9 53.00 91.00 144.00 NOTE
r-patched-linux-x86_64 1.1.9 67.21 42.80 110.01 NOTE
r-release-linux-x86_64 1.1.9 70.88 42.97 113.85 NOTE
r-release-macos-arm64 1.1.9 47.00 NOTE
r-release-macos-x86_64 1.1.9 56.00 NOTE
r-release-windows-x86_64 1.1.9 57.00 96.00 153.00 NOTE
r-oldrel-macos-arm64 1.1.9 53.00 NOTE
r-oldrel-macos-x86_64 1.1.9 84.00 NOTE
r-oldrel-windows-ix86+x86_64 1.1.9 168.00 110.00 278.00 NOTE

Check Details

Version: 1.1.9
Check: LazyData
Result: NOTE
     'LazyData' is specified without a 'data' directory
Flavors: r-devel-linux-x86_64-debian-clang, r-devel-linux-x86_64-debian-gcc, r-devel-linux-x86_64-fedora-clang, r-devel-linux-x86_64-fedora-gcc, r-devel-windows-x86_64, r-patched-linux-x86_64, r-release-linux-x86_64, r-release-macos-arm64, r-release-macos-x86_64, r-release-windows-x86_64, r-oldrel-macos-arm64, r-oldrel-macos-x86_64, r-oldrel-windows-ix86+x86_64

Version: 1.1.9
Check: installed package size
Result: NOTE
     installed size is 15.0Mb
     sub-directories of 1Mb or more:
     libs 14.9Mb
Flavors: r-devel-linux-x86_64-fedora-clang, r-release-macos-arm64, r-release-macos-x86_64, r-oldrel-macos-arm64, r-oldrel-macos-x86_64

Version: 1.1.9
Check: package dependencies
Result: NOTE
    Package suggested but not available for checking: ‘doMPI’
Flavors: r-release-macos-arm64, r-release-macos-x86_64, r-oldrel-macos-arm64, r-oldrel-macos-x86_64