CRAN Package Check Results for Package BVSNLP

Last updated on 2020-12-01 00:46:37 CET.

Flavor Version Tinstall Tcheck Ttotal Status Flags
r-devel-linux-x86_64-debian-clang 1.1.9 98.59 39.63 138.22 OK
r-devel-linux-x86_64-debian-gcc 1.1.9 121.40 32.07 153.47 OK
r-devel-linux-x86_64-fedora-clang 1.1.9 173.05 NOTE
r-devel-linux-x86_64-fedora-gcc 1.1.9 154.18 OK
r-devel-windows-ix86+x86_64 1.1.9 164.00 105.00 269.00 OK
r-patched-linux-x86_64 1.1.9 175.29 39.90 215.19 OK
r-patched-solaris-x86 1.1.9 152.60 OK
r-release-linux-x86_64 1.1.9 178.34 39.53 217.87 OK
r-release-macos-x86_64 1.1.9 NOTE
r-release-windows-ix86+x86_64 1.1.9 172.00 82.00 254.00 OK
r-oldrel-macos-x86_64 1.1.9 NOTE
r-oldrel-windows-ix86+x86_64 1.1.9 126.00 110.00 236.00 OK

Check Details

Version: 1.1.9
Check: installed package size
Result: NOTE
     installed size is 17.7Mb
     sub-directories of 1Mb or more:
     libs 17.6Mb
Flavors: r-devel-linux-x86_64-fedora-clang, r-release-macos-x86_64, r-oldrel-macos-x86_64

Version: 1.1.9
Check: package dependencies
Result: NOTE
    Package suggested but not available for checking: ‘doMPI’
Flavors: r-release-macos-x86_64, r-oldrel-macos-x86_64