CRAN Package Check Results for Package Barycenter

Last updated on 2020-07-06 01:53:52 CEST.

Flavor Version Tinstall Tcheck Ttotal Status Flags
r-devel-linux-x86_64-debian-clang 1.3.1 65.17 29.84 95.01 OK
r-devel-linux-x86_64-debian-gcc 1.3.1 49.61 23.89 73.50 OK
r-devel-linux-x86_64-fedora-clang 1.3.1 139.54 NOTE
r-devel-linux-x86_64-fedora-gcc 1.3.1 117.84 OK
r-devel-windows-ix86+x86_64 1.3.1 162.00 94.00 256.00 NOTE
r-patched-linux-x86_64 1.3.1 49.81 30.62 80.43 OK
r-patched-solaris-x86 1.3.1 140.90 OK
r-release-linux-x86_64 1.3.1 48.91 30.21 79.12 OK
r-release-osx-x86_64 1.3.1 NOTE
r-release-windows-ix86+x86_64 1.3.1 113.00 73.00 186.00 NOTE
r-oldrel-osx-x86_64 1.3.1 NOTE
r-oldrel-windows-ix86+x86_64 1.3.1 118.00 99.00 217.00 OK

Check Details

Version: 1.3.1
Check: installed package size
Result: NOTE
     installed size is 6.1Mb
     sub-directories of 1Mb or more:
     data 2.8Mb
     libs 3.2Mb
Flavors: r-devel-linux-x86_64-fedora-clang, r-devel-windows-ix86+x86_64, r-release-osx-x86_64, r-release-windows-ix86+x86_64, r-oldrel-osx-x86_64