CRAN Package Check Results for Package BayesGWQS

Last updated on 2023-12-05 07:48:25 CET.

Flavor Version Tinstall Tcheck Ttotal Status Flags
r-devel-linux-x86_64-debian-clang 0.1.1 2.68 26.44 29.12 OK
r-devel-linux-x86_64-debian-gcc 0.1.1 2.01 20.75 22.76 OK
r-devel-linux-x86_64-fedora-clang 0.1.1 35.61 NOTE
r-devel-linux-x86_64-fedora-gcc 0.1.1 34.70 NOTE
r-devel-windows-x86_64 0.1.1 3.00 42.00 45.00 OK
r-patched-linux-x86_64 0.1.1 2.75 27.34 30.09 OK
r-release-linux-x86_64 0.1.1 2.59 26.18 28.77 OK
r-release-macos-arm64 0.1.1 20.00 OK
r-release-macos-x86_64 0.1.1 23.00 OK
r-release-windows-x86_64 0.1.1 3.00 44.00 47.00 OK
r-oldrel-macos-arm64 0.1.1 17.00 NOTE
r-oldrel-macos-x86_64 0.1.1 26.00 NOTE
r-oldrel-windows-x86_64 0.1.1 4.00 46.00 50.00 OK

Check Details

Version: 0.1.1
Check: dependencies in R code
Result: NOTE Namespace in Imports field not imported from: ‘plyr’ All declared Imports should be used. Flavors: r-devel-linux-x86_64-fedora-clang, r-devel-linux-x86_64-fedora-gcc, r-oldrel-macos-arm64, r-oldrel-macos-x86_64