CRAN Package Check Results for Package BayesMallows

Last updated on 2021-10-23 03:28:36 CEST.

Flavor Version Tinstall Tcheck Ttotal Status Flags
r-devel-linux-x86_64-debian-clang 1.0.3 162.51 109.90 272.41 OK
r-devel-linux-x86_64-debian-gcc 1.0.3 124.74 81.86 206.60 OK
r-devel-linux-x86_64-fedora-clang 1.0.3 365.69 NOTE
r-devel-linux-x86_64-fedora-gcc 1.0.3 390.17 OK
r-devel-windows-x86_64 1.0.3 232.00 148.00 380.00 OK
r-devel-windows-x86_64-gcc10-UCRT 1.0.3 ERROR
r-patched-linux-x86_64 1.0.3 148.65 105.49 254.14 OK
r-patched-solaris-x86 1.0.3 325.40 OK
r-release-linux-x86_64 1.0.3 150.60 105.25 255.85 OK
r-release-macos-arm64 1.0.2 NOTE
r-release-macos-x86_64 1.0.3 NOTE
r-release-windows-ix86+x86_64 1.0.3 262.00 173.00 435.00 OK
r-oldrel-macos-x86_64 1.0.3 NOTE
r-oldrel-windows-ix86+x86_64 1.0.3 311.00 164.00 475.00 OK

Check Details

Version: 1.0.3
Check: installed package size
Result: NOTE
     installed size is 7.1Mb
     sub-directories of 1Mb or more:
     doc 1.5Mb
     libs 5.0Mb
Flavors: r-devel-linux-x86_64-fedora-clang, r-release-macos-x86_64, r-oldrel-macos-x86_64

Version: 1.0.3
Check: package dependencies
Result: ERROR
    Packages required but not available: 'igraph', 'PLMIX'
    
    See section 'The DESCRIPTION file' in the 'Writing R Extensions'
    manual.
Flavor: r-devel-windows-x86_64-gcc10-UCRT

Version: 1.0.2
Check: installed package size
Result: NOTE
     installed size is 8.4Mb
     sub-directories of 1Mb or more:
     doc 1.5Mb
     libs 6.2Mb
Flavor: r-release-macos-arm64