Last updated on 2023-02-02 00:54:37 CET.
Flavor | Version | Tinstall | Tcheck | Ttotal | Status | Flags |
---|---|---|---|---|---|---|
r-devel-linux-x86_64-debian-clang | 1.0 | 32.44 | 32.94 | 65.38 | OK | |
r-devel-linux-x86_64-debian-gcc | 1.0 | 26.37 | 26.45 | 52.82 | OK | |
r-devel-linux-x86_64-fedora-clang | 1.0 | 90.65 | OK | |||
r-devel-linux-x86_64-fedora-gcc | 1.0 | 82.98 | OK | |||
r-patched-linux-x86_64 | 1.0 | 30.07 | 32.79 | 62.86 | OK | |
r-release-linux-x86_64 | 1.0 | 23.63 | 32.65 | 56.28 | OK | |
r-release-macos-arm64 | 1.0 | 30.00 | NOTE | |||
r-release-macos-x86_64 | 1.0 | 36.00 | NOTE | |||
r-release-windows-x86_64 | 1.0 | 33.00 | 87.00 | 120.00 | OK | |
r-oldrel-macos-arm64 | 1.0 | 37.00 | NOTE | |||
r-oldrel-macos-x86_64 | 1.0 | 50.00 | NOTE | |||
r-oldrel-windows-ix86+x86_64 | 1.0 | 74.00 | 86.00 | 160.00 | OK |
Version: 1.0
Check: installed package size
Result: NOTE
installed size is 8.1Mb
sub-directories of 1Mb or more:
libs 8.0Mb
Flavors: r-release-macos-arm64, r-release-macos-x86_64, r-oldrel-macos-arm64, r-oldrel-macos-x86_64