CRAN Package Check Results for Package BayesSenMC

Last updated on 2022-07-03 01:48:49 CEST.

Flavor Version Tinstall Tcheck Ttotal Status Flags
r-devel-linux-x86_64-debian-clang 0.1.4 635.23 210.11 845.34 NOTE
r-devel-linux-x86_64-debian-gcc 0.1.4 593.36 173.01 766.37 NOTE
r-devel-linux-x86_64-fedora-clang 0.1.4 1187.35 NOTE
r-devel-linux-x86_64-fedora-gcc 0.1.4 1273.32 NOTE
r-devel-windows-x86_64 0.1.4 1256.00 299.00 1555.00 NOTE
r-patched-linux-x86_64 0.1.4 613.23 231.73 844.96 NOTE
r-release-linux-x86_64 0.1.4 630.00 234.76 864.76 NOTE
r-release-macos-arm64 0.1.4 296.00 NOTE
r-release-macos-x86_64 0.1.4 461.00 NOTE
r-release-windows-x86_64 0.1.4 428.00 302.00 730.00 NOTE
r-oldrel-macos-arm64 0.1.4 332.00 NOTE
r-oldrel-macos-x86_64 0.1.4 346.00 NOTE
r-oldrel-windows-ix86+x86_64 0.1.4 1449.00 413.00 1862.00 NOTE

Additional issues

clang-UBSAN

Check Details

Version: 0.1.4
Check: for GNU extensions in Makefiles
Result: NOTE
    GNU make is a SystemRequirements.
Flavors: r-devel-linux-x86_64-debian-clang, r-devel-linux-x86_64-debian-gcc, r-devel-linux-x86_64-fedora-clang, r-devel-linux-x86_64-fedora-gcc, r-devel-windows-x86_64, r-patched-linux-x86_64, r-release-linux-x86_64, r-release-macos-arm64, r-release-macos-x86_64, r-release-windows-x86_64, r-oldrel-macos-arm64, r-oldrel-macos-x86_64, r-oldrel-windows-ix86+x86_64

Version: 0.1.4
Check: installed package size
Result: NOTE
     installed size is 60.8Mb
     sub-directories of 1Mb or more:
     libs 60.4Mb
Flavors: r-devel-linux-x86_64-fedora-clang, r-devel-windows-x86_64, r-release-macos-arm64, r-release-macos-x86_64, r-release-windows-x86_64, r-oldrel-macos-arm64, r-oldrel-macos-x86_64, r-oldrel-windows-ix86+x86_64

Version: 0.1.4
Check: dependencies in R code
Result: NOTE
    Namespaces in Imports field not imported from:
     ‘RcppParallel’ ‘rstantools’
     All declared Imports should be used.
Flavors: r-devel-linux-x86_64-fedora-clang, r-devel-linux-x86_64-fedora-gcc, r-release-macos-arm64, r-release-macos-x86_64, r-oldrel-macos-arm64, r-oldrel-macos-x86_64