Last updated on 2023-12-04 07:50:48 CET.
Flavor | Version | Tinstall | Tcheck | Ttotal | Status | Flags |
---|---|---|---|---|---|---|
r-devel-linux-x86_64-debian-clang | 1.0.1 | 2.08 | 39.61 | 41.69 | NOTE | |
r-devel-linux-x86_64-debian-gcc | 1.0.1 | 1.77 | 30.53 | 32.30 | NOTE | |
r-devel-linux-x86_64-fedora-clang | 1.0.1 | 52.29 | OK | |||
r-devel-linux-x86_64-fedora-gcc | 1.0.1 | 51.10 | OK | |||
r-devel-windows-x86_64 | 1.0.1 | 3.00 | 50.00 | 53.00 | OK | |
r-patched-linux-x86_64 | 1.0.1 | 2.44 | 39.10 | 41.54 | OK | |
r-release-linux-x86_64 | 1.0.1 | 1.91 | 39.57 | 41.48 | OK | |
r-release-macos-arm64 | 1.0.1 | 21.00 | OK | |||
r-release-macos-x86_64 | 1.0.1 | 28.00 | OK | |||
r-release-windows-x86_64 | 1.0.1 | 3.00 | 55.00 | 58.00 | OK | |
r-oldrel-macos-arm64 | 1.0.1 | 18.00 | OK | |||
r-oldrel-macos-x86_64 | 1.0.1 | 28.00 | NOTE | |||
r-oldrel-windows-x86_64 | 1.0.1 | 4.00 | 55.00 | 59.00 | OK |
Version: 1.0.1
Check: Rd files
Result: NOTE
checkRd: (-1) BayesTreePrior.Rd:38: Lost braces in \itemize; meant \describe ?
checkRd: (-1) BayesTreePrior.Rd:39: Lost braces in \itemize; meant \describe ?
checkRd: (-1) BayesTreePrior.Rd:40: Lost braces in \itemize; meant \describe ?
checkRd: (-1) BayesTreePrior.Rd:41: Lost braces in \itemize; meant \describe ?
Flavors: r-devel-linux-x86_64-debian-clang, r-devel-linux-x86_64-debian-gcc
Version: 1.0.1
Check: package dependencies
Result: NOTE
Package suggested but not available for checking: ‘BayesTree’
Flavor: r-oldrel-macos-x86_64