CRAN Package Check Results for Package BayesfMRI

Last updated on 2024-02-20 08:00:53 CET.

Flavor Version Tinstall Tcheck Ttotal Status Flags
r-devel-linux-x86_64-debian-clang 0.3.11 NOTE
r-devel-linux-x86_64-debian-gcc 0.3.11 69.33 125.93 195.26 NOTE
r-devel-linux-x86_64-fedora-clang 0.3.11 336.86 OK
r-devel-linux-x86_64-fedora-gcc 0.3.11 336.79 OK
r-devel-windows-x86_64 0.3.11 60.00 162.00 222.00 OK
r-patched-linux-x86_64 0.3.11 71.10 168.46 239.56 NOTE
r-release-linux-x86_64 0.3.11 58.07 163.95 222.02 NOTE
r-release-macos-arm64 0.3.11 83.00 NOTE
r-release-macos-x86_64 0.3.11 147.00 NOTE
r-release-windows-x86_64 0.3.11 77.00 196.00 273.00 NOTE
r-oldrel-macos-arm64 0.3.11 77.00 NOTE
r-oldrel-windows-x86_64 0.3.11 73.00 185.00 258.00 NOTE

Check Details

Version: 0.3.11
Check: package dependencies
Result: NOTE Package suggested but not available for checking: ‘INLA’ Flavors: r-devel-linux-x86_64-debian-clang, r-devel-linux-x86_64-debian-gcc, r-patched-linux-x86_64, r-release-linux-x86_64, r-release-macos-arm64, r-release-macos-x86_64, r-release-windows-x86_64, r-oldrel-macos-arm64, r-oldrel-windows-x86_64

Version: 0.3.11
Check: installed package size
Result: NOTE installed size is 11.2Mb sub-directories of 1Mb or more: libs 10.7Mb Flavors: r-release-macos-arm64, r-release-macos-x86_64, r-oldrel-macos-arm64