CRAN Package Check Results for Package BayesfMRI

Last updated on 2025-01-21 07:49:08 CET.

Flavor Version Tinstall Tcheck Ttotal Status Flags
r-devel-linux-x86_64-debian-clang 0.3.11 61.77 122.57 184.34 NOTE
r-devel-linux-x86_64-debian-gcc 0.3.11 50.40 90.04 140.44 NOTE
r-devel-linux-x86_64-fedora-clang 0.3.11 315.90 OK
r-devel-linux-x86_64-fedora-gcc 0.3.11 359.00 OK
r-devel-windows-x86_64 0.3.11 61.00 149.00 210.00 NOTE
r-patched-linux-x86_64 0.3.11 78.48 119.07 197.55 NOTE
r-release-linux-x86_64 0.3.11 71.04 119.61 190.65 NOTE
r-release-macos-arm64 0.3.11 80.00 NOTE
r-release-macos-x86_64 0.3.11 193.00 NOTE
r-release-windows-x86_64 0.3.11 60.00 149.00 209.00 OK
r-oldrel-macos-arm64 0.3.11 83.00 NOTE
r-oldrel-macos-x86_64 0.3.11 147.00 NOTE
r-oldrel-windows-x86_64 0.3.11 77.00 188.00 265.00 NOTE

Check Details

Version: 0.3.11
Check: Rd cross-references
Result: NOTE Found the following Rd file(s) with Rd \link{} targets missing package anchors: id_activations.posterior.Rd: excursions.inla Please provide package anchors for all Rd \link{} targets not in the package itself and the base packages. Flavors: r-devel-linux-x86_64-debian-clang, r-devel-linux-x86_64-debian-gcc, r-devel-windows-x86_64

Version: 0.3.11
Check: package dependencies
Result: NOTE Package suggested but not available for checking: ‘INLA’ Flavors: r-patched-linux-x86_64, r-release-linux-x86_64, r-release-macos-arm64, r-release-macos-x86_64, r-oldrel-macos-arm64, r-oldrel-macos-x86_64, r-oldrel-windows-x86_64

Version: 0.3.11
Check: installed package size
Result: NOTE installed size is 17.0Mb sub-directories of 1Mb or more: libs 16.6Mb Flavors: r-release-macos-arm64, r-release-macos-x86_64, r-oldrel-macos-arm64, r-oldrel-macos-x86_64