CRAN Package Check Results for Package BayesianFROC

Last updated on 2020-09-22 02:17:14 CEST.

Flavor Version Tinstall Tcheck Ttotal Status Flags
r-devel-linux-x86_64-debian-clang 0.3.1 25.81 175.75 201.56 OK
r-devel-linux-x86_64-debian-gcc 0.3.1 23.05 129.63 152.68 OK
r-devel-linux-x86_64-fedora-clang 0.3.1 257.74 OK
r-devel-linux-x86_64-fedora-gcc 0.3.1 294.09 OK
r-devel-windows-ix86+x86_64 0.3.1 57.00 236.00 293.00 OK
r-patched-linux-x86_64 0.3.1 30.18 169.81 199.99 OK
r-patched-solaris-x86 0.3.1 297.40 OK
r-release-linux-x86_64 0.3.1 22.95 171.33 194.28 OK
r-release-macos-x86_64 0.3.1 OK
r-release-windows-ix86+x86_64 0.3.1 45.00 179.00 224.00 OK
r-oldrel-macos-x86_64 0.3.1 NOTE
r-oldrel-windows-ix86+x86_64 0.3.1 31.00 164.00 195.00 OK

Check Details

Version: 0.3.1
Check: dependencies in R code
Result: NOTE
    No protocol specified
    No protocol specified
Flavor: r-oldrel-macos-x86_64