Last updated on 2023-12-06 07:50:08 CET.
Flavor | Version | Tinstall | Tcheck | Ttotal | Status | Flags |
---|---|---|---|---|---|---|
r-devel-linux-x86_64-debian-clang | 1.2.2 | 361.91 | 229.50 | 591.41 | NOTE | |
r-devel-linux-x86_64-debian-gcc | 1.2.2 | 246.48 | 191.60 | 438.08 | NOTE | |
r-devel-linux-x86_64-fedora-clang | 1.2.2 | 809.70 | NOTE | |||
r-devel-linux-x86_64-fedora-gcc | 1.2.2 | 986.01 | NOTE | |||
r-devel-windows-x86_64 | 1.2.2 | 279.00 | 226.00 | 505.00 | NOTE | |
r-patched-linux-x86_64 | 1.2.2 | 312.39 | 243.72 | 556.11 | NOTE | |
r-release-linux-x86_64 | 1.2.2 | 319.65 | 245.45 | 565.10 | NOTE | |
r-release-macos-arm64 | 1.2.2 | 131.00 | NOTE | |||
r-release-macos-x86_64 | 1.2.2 | 218.00 | NOTE | |||
r-release-windows-x86_64 | 1.2.2 | 275.00 | 278.00 | 553.00 | NOTE | |
r-oldrel-macos-arm64 | 1.2.2 | 136.00 | NOTE | |||
r-oldrel-macos-x86_64 | 1.2.1 | 398.00 | NOTE | |||
r-oldrel-windows-x86_64 | 1.2.2 | 328.00 | 258.00 | 586.00 | NOTE |
Version: 1.2.2
Check: for GNU extensions in Makefiles
Result: NOTE
GNU make is a SystemRequirements.
Flavors: r-devel-linux-x86_64-debian-clang, r-devel-linux-x86_64-debian-gcc, r-devel-linux-x86_64-fedora-clang, r-devel-linux-x86_64-fedora-gcc, r-devel-windows-x86_64, r-patched-linux-x86_64, r-release-linux-x86_64, r-release-macos-arm64, r-release-macos-x86_64, r-release-windows-x86_64, r-oldrel-macos-arm64, r-oldrel-windows-x86_64
Version: 1.2.2
Check: installed package size
Result: NOTE
installed size is 7.9Mb
sub-directories of 1Mb or more:
data 1.3Mb
help 1.9Mb
libs 3.6Mb
Flavors: r-devel-linux-x86_64-fedora-clang, r-devel-windows-x86_64, r-release-macos-arm64, r-release-macos-x86_64, r-release-windows-x86_64, r-oldrel-macos-arm64, r-oldrel-windows-x86_64
Version: 1.2.1
Check: installed package size
Result: NOTE
installed size is 62.0Mb
sub-directories of 1Mb or more:
data 1.3Mb
help 1.8Mb
libs 57.8Mb
Flavor: r-oldrel-macos-x86_64
Version: 1.2.1
Check: for GNU extensions in Makefiles
Result: NOTE
GNU make is a SystemRequirements.
Flavor: r-oldrel-macos-x86_64