CRAN Package Check Results for Package BeSS

Last updated on 2023-02-02 00:54:37 CET.

Flavor Version Tinstall Tcheck Ttotal Status Flags
r-devel-linux-x86_64-debian-clang 2.0.3 110.21 97.89 208.10 OK
r-devel-linux-x86_64-debian-gcc 2.0.3 88.66 82.69 171.35 OK
r-devel-linux-x86_64-fedora-clang 2.0.3 248.71 OK
r-devel-linux-x86_64-fedora-gcc 2.0.3 258.93 OK
r-devel-windows-x86_64 2.0.3 78.00 161.00 239.00 OK
r-patched-linux-x86_64 2.0.3 90.00 99.34 189.34 OK
r-release-linux-x86_64 2.0.3 97.92 98.16 196.08 OK
r-release-macos-arm64 2.0.3 73.00 NOTE
r-release-macos-x86_64 2.0.3 90.00 NOTE
r-release-windows-x86_64 2.0.3 77.00 159.00 236.00 OK
r-oldrel-macos-arm64 2.0.3 86.00 NOTE
r-oldrel-macos-x86_64 2.0.3 124.00 NOTE
r-oldrel-windows-ix86+x86_64 2.0.3 212.00 185.00 397.00 OK

Check Details

Version: 2.0.3
Check: installed package size
Result: NOTE
     installed size is 27.9Mb
     sub-directories of 1Mb or more:
     libs 26.9Mb
Flavors: r-release-macos-arm64, r-release-macos-x86_64, r-oldrel-macos-arm64, r-oldrel-macos-x86_64