Last updated on 2023-11-28 07:52:56 CET.
Flavor | Version | Tinstall | Tcheck | Ttotal | Status | Flags |
---|---|---|---|---|---|---|
r-devel-linux-x86_64-debian-clang | 2.0.1 | 3.78 | 37.73 | 41.51 | NOTE | |
r-devel-linux-x86_64-debian-gcc | 2.0.1 | 2.61 | 28.87 | 31.48 | NOTE | |
r-devel-linux-x86_64-fedora-clang | 2.0.1 | 52.78 | OK | |||
r-devel-linux-x86_64-fedora-gcc | 2.0.1 | 62.36 | OK | |||
r-devel-windows-x86_64 | 2.0.1 | 4.00 | 53.00 | 57.00 | OK | |
r-patched-linux-x86_64 | 2.0.1 | 3.51 | 36.81 | 40.32 | OK | |
r-release-linux-x86_64 | 2.0.1 | 3.39 | 36.25 | 39.64 | OK | |
r-release-macos-arm64 | 2.0.1 | 26.00 | OK | |||
r-release-macos-x86_64 | 2.0.1 | 40.00 | OK | |||
r-release-windows-x86_64 | 2.0.1 | 3.00 | 56.00 | 59.00 | OK | |
r-oldrel-macos-arm64 | 2.0.1 | 22.00 | OK | |||
r-oldrel-macos-x86_64 | 2.0.1 | 32.00 | OK | |||
r-oldrel-windows-x86_64 | 2.0.1 | 6.00 | 57.00 | 63.00 | OK |
Version: 2.0.1
Check: Rd files
Result: NOTE
checkRd: (-1) BiDimRegression.Rd:29: Lost braces; missing escapes or markup?
29 | \item \code{euclidean.df1, affine.df1} - degrees of freedom of the nominator used for the F-statistics propagated by Nakaya (1997); df1 = p-2, with p is the number of elements needed to calculate the referring model: p=4 for the Euclidean and p=6 for the affine geometry {Nakaya, 1997, Table 1}.
| ^
Flavors: r-devel-linux-x86_64-debian-clang, r-devel-linux-x86_64-debian-gcc