CRAN Package Check Results for Package BiasedUrn

Last updated on 2020-09-25 01:48:39 CEST.

Flavor Version Tinstall Tcheck Ttotal Status Flags
r-devel-linux-x86_64-debian-clang 1.07 8.88 24.03 32.91 OK
r-devel-linux-x86_64-debian-gcc 1.07 6.41 19.11 25.52 OK
r-devel-linux-x86_64-fedora-clang 1.07 50.98 NOTE
r-devel-linux-x86_64-fedora-gcc 1.07 45.50 NOTE
r-devel-windows-ix86+x86_64 1.07 24.00 44.00 68.00 OK
r-patched-linux-x86_64 1.07 7.03 23.58 30.61 OK
r-patched-solaris-x86 1.07 60.90 OK
r-release-linux-x86_64 1.07 7.32 23.40 30.72 OK
r-release-macos-x86_64 1.07 OK
r-release-windows-ix86+x86_64 1.07 20.00 37.00 57.00 OK
r-oldrel-macos-x86_64 1.07 OK
r-oldrel-windows-ix86+x86_64 1.07 21.00 55.00 76.00 OK

Check Details

Version: 1.07
Check: compiled code
Result: NOTE
    File ‘BiasedUrn/libs/BiasedUrn.so’:
     Found no calls to: ‘R_registerRoutines’, ‘R_useDynamicSymbols’
    
    It is good practice to register native routines and to disable symbol
    search.
    
    See ‘Writing portable packages’ in the ‘Writing R Extensions’ manual.
Flavors: r-devel-linux-x86_64-fedora-clang, r-devel-linux-x86_64-fedora-gcc