CRAN Package Check Results for Package Blaunet

Last updated on 2020-02-17 00:49:05 CET.

Flavor Version Tinstall Tcheck Ttotal Status Flags
r-devel-linux-x86_64-debian-clang 2.0.8 4.37 45.21 49.58 OK
r-devel-linux-x86_64-debian-gcc 2.0.8 3.85 33.49 37.34 OK
r-devel-linux-x86_64-fedora-clang 2.0.8 58.59 NOTE
r-devel-windows-ix86+x86_64 2.0.8 12.00 58.00 70.00 OK
r-devel-windows-ix86+x86_64-gcc8 2.0.8 19.00 74.00 93.00 OK
r-patched-linux-x86_64 2.0.8 3.06 40.41 43.47 OK
r-patched-solaris-x86 2.0.8 78.70 NOTE
r-release-linux-x86_64 2.0.8 3.59 39.78 43.37 OK
r-release-windows-ix86+x86_64 2.0.8 8.00 51.00 59.00 OK
r-release-osx-x86_64 2.0.8 NOTE
r-oldrel-windows-ix86+x86_64 2.0.8 5.00 52.00 57.00 OK
r-oldrel-osx-x86_64 2.0.8 NOTE

Check Details

Version: 2.0.8
Check: dependencies in R code
Result: NOTE
    Namespaces in Imports field not imported from:
     ‘RGtk2’ ‘cairoDevice’ ‘ergm’ ‘foreign’ ‘gWidgets’ ‘gWidgetsRGtk2’
     ‘haven’ ‘plot3D’ ‘plot3Drgl’ ‘rgl’ ‘sna’ ‘statnet.common’
     All declared Imports should be used.
Flavors: r-devel-linux-x86_64-fedora-clang, r-patched-solaris-x86, r-release-osx-x86_64, r-oldrel-osx-x86_64