CRAN Package Check Results for Package Blaunet

Last updated on 2020-09-26 02:09:11 CEST.

Flavor Version Tinstall Tcheck Ttotal Status Flags
r-devel-linux-x86_64-debian-clang 2.1.0 5.33 49.35 54.68 NOTE
r-devel-linux-x86_64-debian-gcc 2.1.0 4.23 36.56 40.79 NOTE
r-devel-linux-x86_64-fedora-clang 2.1.0 72.45 NOTE
r-devel-linux-x86_64-fedora-gcc 2.1.0 72.16 NOTE
r-devel-windows-ix86+x86_64 2.1.0 12.00 71.00 83.00 OK
r-patched-linux-x86_64 2.1.0 5.24 46.65 51.89 NOTE
r-patched-solaris-x86 2.1.0 92.20 NOTE
r-release-linux-x86_64 2.1.0 4.52 46.56 51.08 NOTE
r-release-macos-x86_64 2.1.0 NOTE
r-release-windows-ix86+x86_64 2.1.0 10.00 130.00 140.00 OK
r-oldrel-macos-x86_64 2.1.0 NOTE
r-oldrel-windows-ix86+x86_64 2.1.0 9.00 66.00 75.00 OK

Check Details

Version: 2.1.0
Check: package dependencies
Result: NOTE
    Packages suggested but not available for checking:
     'gWidgets', 'gWidgetsRGtk2'
Flavors: r-devel-linux-x86_64-debian-clang, r-devel-linux-x86_64-debian-gcc, r-devel-linux-x86_64-fedora-clang, r-devel-linux-x86_64-fedora-gcc, r-patched-linux-x86_64, r-patched-solaris-x86, r-release-linux-x86_64, r-release-macos-x86_64

Version: 2.1.0
Check: dependencies in R code
Result: NOTE
    Namespaces in Imports field not imported from:
     ‘RGtk2’ ‘cairoDevice’ ‘ergm’ ‘foreign’ ‘haven’ ‘plot3D’ ‘plot3Drgl’
     ‘rgl’ ‘sna’ ‘statnet.common’
     All declared Imports should be used.
Flavors: r-devel-linux-x86_64-fedora-clang, r-devel-linux-x86_64-fedora-gcc, r-patched-solaris-x86, r-release-macos-x86_64, r-oldrel-macos-x86_64