CRAN Package Check Results for Package Branching

Last updated on 2023-12-05 07:48:26 CET.

Flavor Version Tinstall Tcheck Ttotal Status Flags
r-devel-linux-x86_64-debian-clang 0.9.4 7.03 27.63 34.66 OK
r-devel-linux-x86_64-debian-gcc 0.9.4 4.86 21.67 26.53 OK
r-devel-linux-x86_64-fedora-clang 0.9.4 42.42 NOTE
r-devel-linux-x86_64-fedora-gcc 0.9.4 41.68 NOTE
r-devel-windows-x86_64 0.9.4 8.00 44.00 52.00 OK
r-patched-linux-x86_64 0.9.4 6.82 27.49 34.31 OK
r-release-linux-x86_64 0.9.4 6.63 27.02 33.65 OK
r-release-macos-arm64 0.9.4 18.00 OK
r-release-macos-x86_64 0.9.4 25.00 OK
r-release-windows-x86_64 0.9.4 8.00 46.00 54.00 OK
r-oldrel-macos-arm64 0.9.4 18.00 OK
r-oldrel-macos-x86_64 0.9.4 25.00 OK
r-oldrel-windows-x86_64 0.9.4 9.00 50.00 59.00 OK

Check Details

Version: 0.9.4
Check: compiled code
Result: NOTE File ‘Branching/libs/Branching.so’: Found no calls to: ‘R_registerRoutines’, ‘R_useDynamicSymbols’ It is good practice to register native routines and to disable symbol search. See ‘Writing portable packages’ in the ‘Writing R Extensions’ manual. Flavors: r-devel-linux-x86_64-fedora-clang, r-devel-linux-x86_64-fedora-gcc