CRAN Package Check Results for Package Buddle

Last updated on 2023-12-07 07:50:26 CET.

Flavor Version Tinstall Tcheck Ttotal Status Flags
r-devel-linux-x86_64-debian-clang 2.0.1 50.95 33.24 84.19 NOTE
r-devel-linux-x86_64-debian-gcc 2.0.1 38.56 26.51 65.07 NOTE
r-devel-linux-x86_64-fedora-clang 2.0.1 114.40 NOTE
r-devel-linux-x86_64-fedora-gcc 2.0.1 119.55 NOTE
r-devel-windows-x86_64 2.0.1 39.00 67.00 106.00 NOTE
r-patched-linux-x86_64 2.0.1 45.22 33.99 79.21 NOTE
r-release-linux-x86_64 2.0.1 45.49 33.53 79.02 NOTE
r-release-macos-arm64 2.0.1 34.00 NOTE
r-release-macos-x86_64 2.0.1 55.00 NOTE
r-release-windows-x86_64 2.0.1 51.00 78.00 129.00 NOTE
r-oldrel-macos-arm64 2.0.1 32.00 NOTE
r-oldrel-macos-x86_64 2.0.1 44.00 NOTE
r-oldrel-windows-x86_64 2.0.1 49.00 75.00 124.00 OK

Check Details

Version: 2.0.1
Check: C++ specification
Result: NOTE Specified C++11: please drop specification unless essential Flavors: r-devel-linux-x86_64-debian-clang, r-devel-linux-x86_64-debian-gcc, r-devel-linux-x86_64-fedora-clang, r-devel-linux-x86_64-fedora-gcc, r-devel-windows-x86_64, r-patched-linux-x86_64, r-release-linux-x86_64, r-release-macos-arm64, r-release-macos-x86_64, r-release-windows-x86_64

Version: 2.0.1
Check: installed package size
Result: NOTE installed size is 5.1Mb sub-directories of 1Mb or more: libs 5.0Mb Flavors: r-release-macos-arm64, r-oldrel-macos-arm64, r-oldrel-macos-x86_64