Last updated on 2021-01-21 00:47:00 CET.
Flavor | Version | Tinstall | Tcheck | Ttotal | Status | Flags |
---|---|---|---|---|---|---|
r-devel-linux-x86_64-debian-clang | 2.2.3 | 98.68 | 222.36 | 321.04 | OK | |
r-devel-linux-x86_64-debian-gcc | 2.2.3 | 74.68 | 157.42 | 232.10 | OK | |
r-devel-linux-x86_64-fedora-clang | 2.2.3 | 383.12 | NOTE | |||
r-devel-linux-x86_64-fedora-gcc | 2.2.3 | 398.74 | OK | |||
r-devel-windows-ix86+x86_64 | 2.2.3 | 160.00 | 134.00 | 294.00 | OK | --no-examples --no-tests --no-vignettes |
r-patched-linux-x86_64 | 2.2.3 | 95.00 | 189.62 | 284.62 | OK | |
r-patched-solaris-x86 | 2.2.3 | 396.80 | OK | |||
r-release-linux-x86_64 | 2.2.3 | 82.39 | 189.22 | 271.61 | OK | |
r-release-macos-x86_64 | 2.2.3 | NOTE | ||||
r-release-windows-ix86+x86_64 | 2.2.3 | 223.00 | 156.00 | 379.00 | OK | --no-examples --no-tests --no-vignettes |
r-oldrel-macos-x86_64 | 2.2.3 | NOTE | ||||
r-oldrel-windows-ix86+x86_64 | 2.2.3 | 150.00 | 90.00 | 240.00 | OK | --no-examples --no-tests --no-vignettes |
Version: 2.2.3
Check: installed package size
Result: NOTE
installed size is 7.7Mb
sub-directories of 1Mb or more:
libs 6.6Mb
Flavors: r-devel-linux-x86_64-fedora-clang, r-release-macos-x86_64, r-oldrel-macos-x86_64