CRAN Package Check Results for Package CAST

Last updated on 2021-01-17 00:48:06 CET.

Flavor Version Tinstall Tcheck Ttotal Status Flags
r-devel-linux-x86_64-debian-clang 0.4.2 13.08 262.75 275.83 OK
r-devel-linux-x86_64-debian-gcc 0.4.2 11.79 206.57 218.36 OK
r-devel-linux-x86_64-fedora-clang 0.4.2 335.62 OK
r-devel-linux-x86_64-fedora-gcc 0.4.2 328.37 OK
r-devel-windows-ix86+x86_64 0.4.2 21.00 242.00 263.00 OK
r-patched-linux-x86_64 0.4.2 15.67 258.24 273.91 OK
r-patched-solaris-x86 0.4.2 482.40 NOTE
r-release-linux-x86_64 0.4.2 12.99 252.13 265.12 OK
r-release-macos-x86_64 0.4.2 OK
r-release-windows-ix86+x86_64 0.4.2 26.00 251.00 277.00 OK
r-oldrel-macos-x86_64 0.4.2 OK
r-oldrel-windows-ix86+x86_64 0.4.2 27.00 299.00 326.00 OK

Check Details

Version: 0.4.2
Check: installed package size
Result: NOTE
     installed size is 5.2Mb
     sub-directories of 1Mb or more:
     doc 3.3Mb
     extdata 1.8Mb
Flavor: r-patched-solaris-x86