Last updated on 2023-06-05 07:52:48 CEST.
Flavor | Version | Tinstall | Tcheck | Ttotal | Status | Flags |
---|---|---|---|---|---|---|
r-devel-linux-x86_64-debian-clang | 0.8.1 | 19.60 | 455.69 | 475.29 | OK | |
r-devel-linux-x86_64-debian-gcc | 0.8.1 | 15.36 | 340.55 | 355.91 | OK | |
r-devel-linux-x86_64-fedora-clang | 0.8.1 | 581.11 | NOTE | |||
r-devel-linux-x86_64-fedora-gcc | 0.8.1 | 556.11 | OK | |||
r-devel-windows-x86_64 | 0.8.1 | 17.00 | 329.00 | 346.00 | OK | |
r-patched-linux-x86_64 | 0.8.1 | 21.02 | 433.50 | 454.52 | OK | |
r-release-linux-x86_64 | 0.8.1 | 11.72 | 429.13 | 440.85 | OK | |
r-release-macos-arm64 | 0.8.1 | 189.00 | OK | |||
r-release-macos-x86_64 | 0.7.1 | 290.00 | OK | |||
r-release-windows-x86_64 | 0.8.1 | 22.00 | 422.00 | 444.00 | OK | |
r-oldrel-macos-arm64 | 0.8.1 | 183.00 | OK | |||
r-oldrel-macos-x86_64 | 0.8.1 | 214.00 | OK | |||
r-oldrel-windows-x86_64 | 0.8.1 | 22.00 | 420.00 | 442.00 | OK |
Version: 0.8.1
Check: installed package size
Result: NOTE
installed size is 5.0Mb
sub-directories of 1Mb or more:
doc 2.8Mb
extdata 1.9Mb
Flavor: r-devel-linux-x86_64-fedora-clang