CRAN Package Check Results for Package CB2

Last updated on 2022-10-01 02:49:06 CEST.

Flavor Version Tinstall Tcheck Ttotal Status Flags
r-devel-linux-x86_64-debian-clang 1.3.4 48.24 101.46 149.70 OK
r-devel-linux-x86_64-debian-gcc 1.3.4 37.45 73.89 111.34 OK
r-devel-linux-x86_64-fedora-clang 1.3.4 198.89 OK
r-devel-linux-x86_64-fedora-gcc 1.3.4 184.90 OK
r-devel-windows-x86_64 1.3.4 83.00 355.00 438.00 OK
r-patched-linux-x86_64 1.3.4 27.35 93.70 121.05 OK
r-release-linux-x86_64 1.3.4 27.84 93.22 121.06 OK
r-release-macos-arm64 1.3.4 58.00 NOTE
r-release-macos-x86_64 1.3.4 88.00 NOTE
r-release-windows-x86_64 1.3.4 47.00 258.00 305.00 OK
r-oldrel-macos-arm64 1.3.4 77.00 NOTE
r-oldrel-macos-x86_64 1.3.4 115.00 NOTE
r-oldrel-windows-ix86+x86_64 1.3.4 107.00 191.00 298.00 NOTE

Check Details

Version: 1.3.4
Check: installed package size
Result: NOTE
     installed size is 6.5Mb
     sub-directories of 1Mb or more:
     data 1.6Mb
     extdata 1.1Mb
     libs 3.3Mb
Flavors: r-release-macos-arm64, r-release-macos-x86_64, r-oldrel-macos-arm64, r-oldrel-macos-x86_64, r-oldrel-windows-ix86+x86_64