CRAN Package Check Results for Package CEDARS

Last updated on 2021-05-07 01:48:35 CEST.

Flavor Version Tinstall Tcheck Ttotal Status Flags
r-devel-linux-x86_64-debian-clang 1.90 5.03 37.64 42.67 OK
r-devel-linux-x86_64-debian-gcc 1.90 4.21 28.88 33.09 OK
r-devel-linux-x86_64-fedora-clang 1.90 61.83 NOTE
r-devel-linux-x86_64-fedora-gcc 1.90 52.83 NOTE
r-devel-windows-ix86+x86_64 1.90 9.00 68.00 77.00 OK
r-devel-windows-x86_64-gcc10-UCRT 1.90 NOTE
r-patched-linux-x86_64 1.90 5.65 36.78 42.43 OK
r-patched-solaris-x86 1.90 68.90 ERROR
r-release-linux-x86_64 1.90 4.36 35.39 39.75 OK
r-release-macos-x86_64 1.90 NOTE
r-release-windows-ix86+x86_64 1.90 8.00 46.00 54.00 OK
r-oldrel-macos-x86_64 1.90 NOTE

Check Details

Version: 1.90
Check: data for non-ASCII characters
Result: NOTE
     Note: found 907 marked UTF-8 strings
Flavors: r-devel-linux-x86_64-fedora-clang, r-devel-linux-x86_64-fedora-gcc, r-devel-windows-x86_64-gcc10-UCRT, r-patched-solaris-x86, r-release-macos-x86_64, r-oldrel-macos-x86_64

Version: 1.90
Check: examples
Result: ERROR
    Running examples in ‘CEDARS-Ex.R’ failed
    The error most likely occurred in:
    
    > ### Name: create_project
    > ### Title: Create a New CEDARS Project
    > ### Aliases: create_project
    >
    > ### ** Examples
    >
    > # The code below creates an instance of CEDARS project on a public test MongoDB cluster, populated
    > # with fictitious EHR corpora.
    >
    > # MongoDB credentials
    > db_user_name <- "testUser"
    > db_user_pw <- "testPW"
    > db_host <- "cedars.yvjp6.mongodb.net"
    > db_port <- NA
    >
    > # Using standard MongoDB URL format
    > uri_fun <- mongo_uri_standard
    >
    > # Name for MongoDB database which will contain the CEDARS project
    > # In this case we generate a random name
    > mongo_database <- find_project_name()
    Error: No suitable servers found (`serverSelectionTryOnce` set): [TLS handshake failed: error:14090086:SSL routines:ssl3_get_server_certificate:certificate verify failed calling ismaster on 'cedars-shard-00-02.yvjp6.mongodb.net:27017'] [TLS handshake failed: error:14090086:SSL routines:ssl3_get_server_certificate:certificate verify failed calling ismaster on 'cedars-shard-00-00.yvjp6.mongodb.net:27017'] [TLS handshake failed: error:14090086:SSL routines:ssl3_get_server_certificate:certificate verify faile
    Execution halted
Flavor: r-patched-solaris-x86