Last updated on 2023-12-05 07:48:26 CET.
Flavor | Version | Tinstall | Tcheck | Ttotal | Status | Flags |
---|---|---|---|---|---|---|
r-devel-linux-x86_64-debian-clang | 1.3.1 | 3.51 | 33.78 | 37.29 | OK | |
r-devel-linux-x86_64-debian-gcc | 1.3.1 | 3.23 | 26.53 | 29.76 | OK | |
r-devel-linux-x86_64-fedora-clang | 1.3.1 | 47.59 | OK | |||
r-devel-linux-x86_64-fedora-gcc | 1.3.1 | 46.39 | OK | |||
r-devel-windows-x86_64 | 1.3.1 | 6.00 | 56.00 | 62.00 | OK | |
r-patched-linux-x86_64 | 1.3.1 | 4.29 | 33.76 | 38.05 | OK | |
r-release-linux-x86_64 | 1.3.1 | 3.39 | 33.35 | 36.74 | OK | |
r-release-macos-arm64 | 1.3.1 | 26.00 | OK | |||
r-release-macos-x86_64 | 1.3.1 | 67.00 | OK | |||
r-release-windows-x86_64 | 1.3.1 | 11.00 | 58.00 | 69.00 | OK | |
r-oldrel-macos-arm64 | 1.3.1 | 26.00 | OK | |||
r-oldrel-macos-x86_64 | 1.3.1 | 33.00 | OK | |||
r-oldrel-windows-x86_64 | 1.3 | 11.00 | 65.00 | 76.00 | NOTE |
Version: 1.3
Check: LazyData
Result: NOTE
'LazyData' is specified without a 'data' directory
Flavor: r-oldrel-windows-x86_64