CRAN Package Check Results for Package CHNOSZ

Last updated on 2021-09-22 01:48:33 CEST.

Flavor Version Tinstall Tcheck Ttotal Status Flags
r-devel-linux-x86_64-debian-clang 1.4.1 22.62 303.40 326.02 OK
r-devel-linux-x86_64-debian-gcc 1.4.1 12.46 223.11 235.57 OK
r-devel-linux-x86_64-fedora-clang 1.4.1 375.89 OK
r-devel-linux-x86_64-fedora-gcc 1.4.1 393.03 OK
r-devel-windows-x86_64 1.4.1 27.00 330.00 357.00 OK
r-devel-windows-x86_64-gcc10-UCRT 1.4.1 ERROR
r-patched-linux-x86_64 1.4.1 21.78 295.53 317.31 OK
r-patched-solaris-x86 1.4.1 573.00 OK
r-release-linux-x86_64 1.4.1 20.74 293.68 314.42 OK
r-release-macos-arm64 1.4.1 OK
r-release-macos-x86_64 1.4.1 OK
r-release-windows-ix86+x86_64 1.4.1 42.00 539.00 581.00 OK
r-oldrel-macos-x86_64 1.4.1 OK
r-oldrel-windows-ix86+x86_64 1.4.1 41.00 539.00 580.00 OK

Check Details

Version: 1.4.1
Check: whether package can be installed
Result: ERROR
    Installation failed.
Flavor: r-devel-windows-x86_64-gcc10-UCRT