CRAN Package Check Results for Package CHNOSZ

Last updated on 2019-08-17 02:47:32 CEST.

Flavor Version Tinstall Tcheck Ttotal Status Flags
r-devel-linux-x86_64-debian-clang 1.3.3 24.31 325.73 350.04 OK
r-devel-linux-x86_64-debian-gcc 1.3.3 18.25 252.65 270.90 OK
r-devel-linux-x86_64-fedora-clang 1.3.3 405.92 OK
r-devel-linux-x86_64-fedora-gcc 1.3.3 401.96 OK
r-devel-windows-ix86+x86_64 1.3.3 79.00 628.00 707.00 NOTE
r-patched-linux-x86_64 1.3.3 24.03 327.74 351.77 OK
r-patched-solaris-x86 1.3.3 465.30 NOTE
r-release-linux-x86_64 1.3.3 24.23 326.75 350.98 OK
r-release-windows-ix86+x86_64 1.3.3 59.00 650.00 709.00 OK
r-release-osx-x86_64 1.3.3 OK
r-oldrel-windows-ix86+x86_64 1.3.3 41.00 598.00 639.00 OK
r-oldrel-osx-x86_64 1.3.3 OK

Check Details

Version: 1.3.3
Check: installed package size
Result: NOTE
     installed size is 5.2Mb
     sub-directories of 1Mb or more:
     doc 2.2Mb
Flavors: r-devel-windows-ix86+x86_64, r-patched-solaris-x86