CRAN Package Check Results for Package CICA

Last updated on 2025-06-16 07:49:12 CEST.

Flavor Version Tinstall Tcheck Ttotal Status Flags
r-devel-linux-x86_64-debian-clang 1.1.1 10.40 79.29 89.69 NOTE
r-devel-linux-x86_64-debian-gcc 1.1.1 6.69 54.11 60.80 NOTE
r-devel-linux-x86_64-fedora-clang 1.1.1 145.07 OK
r-devel-linux-x86_64-fedora-gcc 1.1.1 130.68 OK
r-devel-windows-x86_64 1.1.1 12.00 89.00 101.00 OK
r-patched-linux-x86_64 1.1.1 10.53 74.42 84.95 OK
r-release-linux-x86_64 1.1.1 10.16 74.14 84.30 OK
r-release-macos-arm64 1.1.1 35.00 OK
r-release-macos-x86_64 1.1.1 67.00 OK
r-release-windows-x86_64 1.1.1 12.00 90.00 102.00 OK
r-oldrel-macos-arm64 1.1.1 45.00 OK
r-oldrel-macos-x86_64 1.1.1 96.00 OK
r-oldrel-windows-x86_64 1.1.1 18.00 111.00 129.00 OK

Check Details

Version: 1.1.1
Check: CRAN incoming feasibility
Result: NOTE Maintainer: ‘Jeffrey Durieux <[email protected]>’ No Authors@R field in DESCRIPTION. Please add one, modifying Authors@R: c(person(given = "Jeffrey", family = "Durieux", role = c("aut", "cre"), email = "[email protected]"), person(given = "Tom", family = "Wilderjans", role = "aut"), person(given = c("Juan", "Claramunt"), family = "Gonzalez", role = "ctb")) as necessary. Flavors: r-devel-linux-x86_64-debian-clang, r-devel-linux-x86_64-debian-gcc