CRAN Package Check Results for Package CISE

Last updated on 2019-10-16 02:46:35 CEST.

Flavor Version Tinstall Tcheck Ttotal Status Flags
r-devel-linux-x86_64-debian-clang 0.1.0 8.14 74.36 82.50 NOTE
r-devel-linux-x86_64-debian-gcc 0.1.0 7.07 58.54 65.61 NOTE
r-devel-linux-x86_64-fedora-clang 0.1.0 103.54 OK
r-devel-linux-x86_64-fedora-gcc 0.1.0 101.34 OK
r-devel-windows-ix86+x86_64 0.1.0 16.00 80.00 96.00 NOTE
r-patched-linux-x86_64 0.1.0 7.17 73.57 80.74 OK
r-patched-solaris-x86 0.1.0 174.80 OK
r-release-linux-x86_64 0.1.0 7.87 74.33 82.20 OK
r-release-windows-ix86+x86_64 0.1.0 15.00 82.00 97.00 OK
r-release-osx-x86_64 0.1.0 OK
r-oldrel-windows-ix86+x86_64 0.1.0 10.00 76.00 86.00 OK
r-oldrel-osx-x86_64 0.1.0 OK

Check Details

Version: 0.1.0
Check: package vignettes
Result: NOTE
    Package vignette with placeholder title 'Vignette Title':
     'CISE_vignette.Rmd'
Flavors: r-devel-linux-x86_64-debian-clang, r-devel-linux-x86_64-debian-gcc, r-devel-windows-ix86+x86_64