CRAN Package Check Results for Package CISE

Last updated on 2020-06-03 01:50:42 CEST.

Flavor Version Tinstall Tcheck Ttotal Status Flags
r-devel-linux-x86_64-debian-clang 0.1.0 8.34 82.00 90.34 NOTE
r-devel-linux-x86_64-debian-gcc 0.1.0 7.29 63.69 70.98 NOTE
r-devel-linux-x86_64-fedora-clang 0.1.0 119.52 OK
r-devel-linux-x86_64-fedora-gcc 0.1.0 111.05 OK
r-devel-windows-ix86+x86_64 0.1.0 24.00 123.00 147.00 NOTE
r-patched-linux-x86_64 0.1.0 9.62 82.13 91.75 NOTE
r-patched-solaris-x86 0.1.0 185.20 OK
r-release-linux-x86_64 0.1.0 8.36 82.60 90.96 NOTE
r-release-osx-x86_64 0.1.0 OK
r-release-windows-ix86+x86_64 0.1.0 16.00 97.00 113.00 NOTE
r-oldrel-osx-x86_64 0.1.0 OK
r-oldrel-windows-ix86+x86_64 0.1.0 16.00 92.00 108.00 OK

Check Details

Version: 0.1.0
Check: package vignettes
Result: NOTE
    Package vignette with placeholder title 'Vignette Title':
     'CISE_vignette.Rmd'
Flavors: r-devel-linux-x86_64-debian-clang, r-devel-linux-x86_64-debian-gcc, r-devel-windows-ix86+x86_64, r-patched-linux-x86_64, r-release-linux-x86_64, r-release-windows-ix86+x86_64