CRAN Package Check Results for Package CIplot

Last updated on 2021-12-06 00:48:24 CET.

Flavor Version Tinstall Tcheck Ttotal Status Flags
r-devel-linux-x86_64-debian-clang 1.0 7.47 58.60 66.07 NOTE
r-devel-linux-x86_64-debian-gcc 1.0 6.11 53.49 59.60 NOTE
r-devel-linux-x86_64-fedora-clang 1.0 93.61 NOTE
r-devel-linux-x86_64-fedora-gcc 1.0 84.43 NOTE
r-devel-windows-x86_64-new-UL 1.0 13.00 92.00 105.00 NOTE
r-devel-windows-x86_64-new-TK 1.0 NOTE
r-devel-windows-x86_64-old 1.0 12.00 62.00 74.00 OK
r-patched-linux-x86_64 1.0 7.07 58.08 65.15 NOTE
r-release-linux-x86_64 1.0 6.55 65.47 72.02 NOTE
r-release-macos-arm64 1.0 NOTE
r-release-macos-x86_64 1.0 NOTE
r-release-windows-ix86+x86_64 1.0 16.00 84.00 100.00 OK
r-oldrel-macos-x86_64 1.0 OK
r-oldrel-windows-ix86+x86_64 1.0 17.00 82.00 99.00 OK

Check Details

Version: 1.0
Check: package dependencies
Result: NOTE
    Package suggested but not available for checking: 'userfriendlyscience'
Flavors: r-devel-linux-x86_64-debian-clang, r-devel-linux-x86_64-debian-gcc, r-devel-linux-x86_64-fedora-clang, r-devel-linux-x86_64-fedora-gcc, r-devel-windows-x86_64-new-UL, r-devel-windows-x86_64-new-TK, r-patched-linux-x86_64, r-release-linux-x86_64, r-release-macos-arm64, r-release-macos-x86_64