CRAN Package Check Results for Package CKLRT

Last updated on 2022-07-02 01:48:52 CEST.

Flavor Version Tinstall Tcheck Ttotal Status Flags
r-devel-linux-x86_64-debian-clang 0.2.3 51.74 80.03 131.77 NOTE
r-devel-linux-x86_64-debian-gcc 0.2.3 43.31 62.40 105.71 NOTE
r-devel-linux-x86_64-fedora-clang 0.2.3 189.61 NOTE
r-devel-linux-x86_64-fedora-gcc 0.2.3 178.36 NOTE
r-devel-windows-x86_64 0.2.3 44.00 127.00 171.00 NOTE
r-patched-linux-x86_64 0.2.3 48.43 81.24 129.67 NOTE
r-release-linux-x86_64 0.2.3 40.98 79.32 120.30 NOTE
r-release-macos-arm64 0.2.3 48.00 NOTE
r-release-macos-x86_64 0.2.3 66.00 NOTE
r-release-windows-x86_64 0.2.3 48.00 128.00 176.00 NOTE
r-oldrel-macos-arm64 0.2.3 53.00 NOTE
r-oldrel-macos-x86_64 0.2.3 99.00 NOTE
r-oldrel-windows-ix86+x86_64 0.2.3 112.00 160.00 272.00 NOTE

Check Details

Version: 0.2.3
Check: LazyData
Result: NOTE
     'LazyData' is specified without a 'data' directory
Flavors: r-devel-linux-x86_64-debian-clang, r-devel-linux-x86_64-debian-gcc, r-devel-linux-x86_64-fedora-clang, r-devel-linux-x86_64-fedora-gcc, r-devel-windows-x86_64, r-patched-linux-x86_64, r-release-linux-x86_64, r-release-macos-arm64, r-release-macos-x86_64, r-release-windows-x86_64, r-oldrel-macos-arm64, r-oldrel-macos-x86_64, r-oldrel-windows-ix86+x86_64

Version: 0.2.3
Check: installed package size
Result: NOTE
     installed size is 12.2Mb
     sub-directories of 1Mb or more:
     libs 11.9Mb
Flavors: r-devel-linux-x86_64-fedora-clang, r-release-macos-arm64, r-release-macos-x86_64, r-oldrel-macos-arm64, r-oldrel-macos-x86_64