CRAN Package Check Results for Package CLME

Last updated on 2022-07-03 01:48:51 CEST.

Flavor Version Tinstall Tcheck Ttotal Status Flags
r-devel-linux-x86_64-debian-clang 2.0-12 14.53 126.17 140.70 NOTE
r-devel-linux-x86_64-debian-gcc 2.0-12 11.13 97.31 108.44 NOTE
r-devel-linux-x86_64-fedora-clang 2.0-12 180.60 NOTE
r-devel-linux-x86_64-fedora-gcc 2.0-12 176.21 NOTE
r-devel-windows-x86_64 2.0-12 29.00 152.00 181.00 NOTE
r-patched-linux-x86_64 2.0-12 15.33 121.80 137.13 OK
r-release-linux-x86_64 2.0-12 11.06 122.52 133.58 OK
r-release-macos-arm64 2.0-12 50.00 OK
r-release-macos-x86_64 2.0-12 85.00 OK
r-release-windows-x86_64 2.0-12 28.00 153.00 181.00 OK
r-oldrel-macos-arm64 2.0-12 58.00 OK
r-oldrel-macos-x86_64 2.0-12 103.00 OK
r-oldrel-windows-ix86+x86_64 2.0-12 30.00 149.00 179.00 OK

Check Details

Version: 2.0-12
Check: Rd files
Result: NOTE
    checkRd: (-1) clme.Rd:84: Escaped LaTeX specials: \&
Flavors: r-devel-linux-x86_64-debian-clang, r-devel-linux-x86_64-debian-gcc, r-devel-linux-x86_64-fedora-clang, r-devel-linux-x86_64-fedora-gcc, r-devel-windows-x86_64