Last updated on 2023-12-03 08:50:03 CET.
Flavor | Version | Tinstall | Tcheck | Ttotal | Status | Flags |
---|---|---|---|---|---|---|
r-devel-linux-x86_64-debian-clang | 0.1-2 | 2.95 | 32.37 | 35.32 | NOTE | |
r-devel-linux-x86_64-debian-gcc | 0.1-2 | 2.00 | 24.81 | 26.81 | NOTE | |
r-devel-linux-x86_64-fedora-clang | 0.1-2 | 44.06 | NOTE | |||
r-devel-linux-x86_64-fedora-gcc | 0.1-2 | 42.82 | OK | |||
r-devel-windows-x86_64 | 0.1-2 | 3.00 | 48.00 | 51.00 | OK | |
r-patched-linux-x86_64 | 0.1-2 | 3.15 | 30.03 | 33.18 | OK | |
r-release-linux-x86_64 | 0.1-2 | 3.10 | 29.79 | 32.89 | OK | |
r-release-macos-arm64 | 0.1-2 | 23.00 | OK | |||
r-release-macos-x86_64 | 0.1-2 | 22.00 | OK | |||
r-release-windows-x86_64 | 0.1-2 | 4.00 | 47.00 | 51.00 | OK | |
r-oldrel-macos-arm64 | 0.1-2 | 15.00 | OK | |||
r-oldrel-macos-x86_64 | 0.1-2 | 22.00 | OK | |||
r-oldrel-windows-x86_64 | 0.1-2 | 4.00 | 51.00 | 55.00 | OK |
Version: 0.1-2
Check: Rd files
Result: NOTE
checkRd: (-1) cnlt.reg.Rd:43: Lost braces
43 | \emph{Technometrics}, bold{60} (1), 48-60, DOI 10.1080/00401706.2017.1281846.\cr\cr
| ^
checkRd: (-1) fwtnppermC.Rd:35: Lost braces
35 | Given \eqn{n} points on a line, \env{x}, each with a corresponding env{f} value this function computes
| ^
Flavors: r-devel-linux-x86_64-debian-clang, r-devel-linux-x86_64-debian-gcc
Version: 0.1-2
Check: Rd cross-references
Result: NOTE
Undeclared package ‘wavethresh’ in Rd xrefs
Flavor: r-devel-linux-x86_64-fedora-clang