Last updated on 2023-11-30 07:52:30 CET.
Flavor | Version | Tinstall | Tcheck | Ttotal | Status | Flags |
---|---|---|---|---|---|---|
r-devel-linux-x86_64-debian-clang | 1.0.0 | 15.78 | 118.57 | 134.35 | NOTE | |
r-devel-linux-x86_64-debian-gcc | 1.0.0 | 9.50 | 86.35 | 95.85 | NOTE | |
r-devel-linux-x86_64-fedora-clang | 1.0.0 | 161.77 | OK | |||
r-devel-linux-x86_64-fedora-gcc | 1.0.0 | 164.65 | OK | |||
r-devel-windows-x86_64 | 1.0.0 | 13.00 | 106.00 | 119.00 | OK | |
r-patched-linux-x86_64 | 1.0.0 | 12.09 | 110.57 | 122.66 | OK | |
r-release-linux-x86_64 | 1.0.0 | 9.10 | 110.37 | 119.47 | OK | |
r-release-macos-arm64 | 1.0.0 | 55.00 | OK | |||
r-release-macos-x86_64 | 1.0.0 | 129.00 | OK | |||
r-release-windows-x86_64 | 1.0.0 | 17.00 | 127.00 | 144.00 | OK | |
r-oldrel-macos-arm64 | 1.0.0 | 50.00 | ERROR | |||
r-oldrel-macos-x86_64 | 1.0.0 | 78.00 | ERROR | |||
r-oldrel-windows-x86_64 | 1.0.0 | 18.00 | 117.00 | 135.00 | OK |
Version: 1.0.0
Check: Rd files
Result: NOTE
checkRd: (-1) sum_every_n.Rd:15: Lost braces; missing escapes or markup?
15 | \code{sum_every_n} returns a vector of sums of every \code{n}^{th} element of the vector \code{x}.
| ^
checkRd: (-1) sum_every_n1.Rd:15: Lost braces; missing escapes or markup?
15 | \code{sum_every_n1} returns a vector of sums of every \code{n}^{th} element of the vector \code{x}, plus 1.
| ^
Flavors: r-devel-linux-x86_64-debian-clang, r-devel-linux-x86_64-debian-gcc
Version: 1.0.0
Check: PDF version of manual
Result: WARN
LaTeX errors when creating PDF version.
This typically indicates Rd problems.
LaTeX errors found:
! Undefined control sequence.
<argument> ...Bigl [ \sum _{j = 1}^2 w_{ij} \text
{log} \{ \pi _{ij} \} + \s...
l.1536 ...k} \text{log} \{ \pi^*_{ikj} \}\Bigr]}{}
,
! Undefined control sequence.
<argument> ...um _{k = 1}^2 w_{ij} y^*_{ik} \text
{log} \{ \pi ^*_{ikj} \}\B...
l.1536 ...k} \text{log} \{ \pi^*_{ikj} \}\Bigr]}{}
,
! Undefined control sequence.
<argument> ...Bigl [ \sum _{j = 1}^2 w_{ij} \text
{log} \{ \pi _{ij} \} + \s...
l.1608 ...} \{ \tilde{\pi}_{i \ell kj} \}\Bigr]}{}
,
! Undefined control sequence.
<argument> ...um _{k = 1}^2 w_{ij} y^*_{ik} \text
{log} \{ \pi ^*_{ikj} \} +...
l.1608 ...} \{ \tilde{\pi}_{i \ell kj} \}\Bigr]}{}
,
! Undefined control sequence.
<argument> ...y^*_{ik} \tilde {y}_{i \ell } \text
{log} \{ \tilde {\pi }_{i ...
l.1608 ...} \{ \tilde{\pi}_{i \ell kj} \}\Bigr]}{}
,
! Undefined control sequence.
<argument> \text
{exp}\{\gamma _{kj0} + \gamma _{kjZ} Z_i\}
l.1649 ...}\{\gamma_{kj0} + \gamma_{kjZ} Z_i\}}}{}
! Undefined control sequence.
<argument> 1 + \text
{exp}\{\gamma _{kj0} + \gamma _{kjZ} Z_i\}
l.1649 ...}\{\gamma_{kj0} + \gamma_{kjZ} Z_i\}}}{}
! Undefined control sequence.
<argument> \text
{exp}\{\gamma _{kj0} + \gamma _{kjZ} Z_i\}
l.1681 ...}\{\gamma_{kj0} + \gamma_{kjZ} Z_i\}}}{}
! Undefined control sequence.
<argument> 1 + \text
{exp}\{\gamma _{kj0} + \gamma _{kjZ} Z_i\}
l.1681 ...}\{\gamma_{kj0} + \gamma_{kjZ} Z_i\}}}{}
! Undefined control sequence.
<argument> \text
{exp}\{\delta _{\ell kj0} + \delta _{\ell kjV} V_i\}
l.1703 ...{\ell kj0} + \delta_{\ell kjV} V_i\}}}{}
! Undefined control sequence.
<argument> 1 + \text
{exp}\{\delta _{\ell kj0} + \delta _{\ell kjV} V_i\}
l.1703 ...{\ell kj0} + \delta_{\ell kjV} V_i\}}}{}
! Undefined control sequence.
<argument> \text
{exp}\{\delta _{\ell kj0} + \delta _{\ell kjV} V_i\}
l.1738 ...{\ell kj0} + \delta_{\ell kjV} V_i\}}}{}
! Undefined control sequence.
<argument> 1 + \text
{exp}\{\delta _{\ell kj0} + \delta _{\ell kjV} V_i\}
l.1738 ...{\ell kj0} + \delta_{\ell kjV} V_i\}}}{}
! Undefined control sequence.
<argument> ... = 1}^2 y^*_{ik} \tilde {y_i} \text
{log} \{ P(\tilde {Y}_{i} ...
l.2037 ... \ell, Y^*_i = k | x_i, v_i) \}\Bigr]}{}
,
! Undefined control sequence.
<argument> \text
{exp}\{\gamma _{kj0} + \gamma _{kjZ} Z_i\}
l.2231 ...}\{\gamma_{kj0} + \gamma_{kjZ} Z_i\}}}{}
! Undefined control sequence.
<argument> 1 + \text
{exp}\{\gamma _{kj0} + \gamma _{kjZ} Z_i\}
l.2231 ...}\{\gamma_{kj0} + \gamma_{kjZ} Z_i\}}}{}
! Undefined control sequence.
<argument> \text
{exp}\{\gamma _{kj0} + \gamma _{kjZ} Z_i\}
l.2269 ...}\{\gamma_{kj0} + \gamma_{kjZ} Z_i\}}}{}
! Undefined control sequence.
<argument> 1 + \text
{exp}\{\gamma _{kj0} + \gamma _{kjZ} Z_i\}
l.2269 ...}\{\gamma_{kj0} + \gamma_{kjZ} Z_i\}}}{}
! Undefined control sequence.
<argument> \text
{exp}\{\delta _{\ell kj0} + \delta _{\ell kjV} V_i\}
l.2350 ...{\ell kj0} + \delta_{\ell kjV} V_i\}}}{}
! Undefined control sequence.
<argument> 1 + \text
{exp}\{\delta _{\ell kj0} + \delta _{\ell kjV} V_i\}
l.2350 ...{\ell kj0} + \delta_{\ell kjV} V_i\}}}{}
! Undefined control sequence.
<argument> \text
{exp}\{\delta _{\ell kj0} + \delta _{\ell kjV} V_i\}
l.2391 ...{\ell kj0} + \delta_{\ell kjV} V_i\}}}{}
! Undefined control sequence.
<argument> 1 + \text
{exp}\{\delta _{\ell kj0} + \delta _{\ell kjV} V_i\}
l.2391 ...{\ell kj0} + \delta_{\ell kjV} V_i\}}}{}
! Undefined control sequence.
<argument> ...Bigl [ \sum _{j = 0}^1 w_{ij} \text
{log} \{ \pi _{ij} \}\Bigr ]
l.2439 ..._{ij} \text{log} \{ \pi_{ij} \}\Bigr]}{}
.
! Undefined control sequence.
<argument> ...Bigl [ \sum _{j = 1}^2 w_{ij} \text
{log} \{ \pi _{ij} \}\Bigr ]
l.2468 ..._{ij} \text{log} \{ \pi_{ij} \}\Bigr]}{}
,
! Undefined control sequence.
<argument> ...y^*_{ik} \tilde {y}_{i \ell } \text
{log} \{ \tilde {\pi }_{i ...
l.2476 ...} \{ \tilde{\pi}_{i \ell kj} \}\Bigr]}{}
.
! Undefined control sequence.
<argument> ...y^*_{ik} \tilde {y}_{i \ell } \text
{log} \{ \tilde {\pi }_{i ...
l.2533 ...} \{ \tilde{\pi}_{i \ell kj} \}\Bigr]}{}
,
! Undefined control sequence.
<argument> ...um _{k = 1}^2 w_{ij} y^*_{ik} \text
{log} \{ \pi ^*_{ikj} \}\B...
l.2541 ...k} \text{log} \{ \pi^*_{ikj} \}\Bigr]}{}
.
! Undefined control sequence.
<argument> ...um _{k = 1}^2 w_{ij} y^*_{ik} \text
{log} \{ \pi ^*_{ikj} \}\B...
l.2582 ...k} \text{log} \{ \pi^*_{ikj} \}\Bigr]}{}
,
Flavors: r-oldrel-macos-arm64, r-oldrel-macos-x86_64
Version: 1.0.0
Check: PDF version of manual without index
Result: ERROR
Flavors: r-oldrel-macos-arm64, r-oldrel-macos-x86_64