CRAN Package Check Results for Package COVIDIBGE

Last updated on 2021-06-24 01:50:16 CEST.

Flavor Version Tinstall Tcheck Ttotal Status Flags
r-devel-linux-x86_64-debian-clang 0.1.4 10.02 96.12 106.14 OK
r-devel-linux-x86_64-debian-gcc 0.1.4 9.38 71.47 80.85 OK
r-devel-linux-x86_64-fedora-clang 0.1.4 133.56 OK
r-devel-linux-x86_64-fedora-gcc 0.1.4 121.58 OK
r-devel-windows-x86_64 0.1.4 17.00 114.00 131.00 OK
r-devel-windows-x86_64-gcc10-UCRT 0.1.4 ERROR
r-patched-linux-x86_64 0.1.4 11.68 89.37 101.05 OK
r-patched-solaris-x86 0.1.4 179.90 OK
r-release-linux-x86_64 0.1.4 11.83 88.55 100.38 OK
r-release-macos-arm64 0.1.4 OK
r-release-macos-x86_64 0.1.4 OK
r-release-windows-ix86+x86_64 0.1.4 18.00 83.00 101.00 OK
r-oldrel-macos-x86_64 0.1.4 OK

Check Details

Version: 0.1.4
Check: package dependencies
Result: ERROR
    Packages required but not available: 'projmgr', 'httr'
    
    Package suggested but not available for checking: 'tidyverse'
    
    See section 'The DESCRIPTION file' in the 'Writing R Extensions'
    manual.
Flavor: r-devel-windows-x86_64-gcc10-UCRT