CRAN Package Check Results for Package CPAT

Last updated on 2019-12-06 00:49:52 CET.

Flavor Version Tinstall Tcheck Ttotal Status Flags
r-devel-linux-x86_64-debian-clang 0.1.0 36.49 73.92 110.41 OK
r-devel-linux-x86_64-debian-gcc 0.1.0 23.41 54.09 77.50 OK
r-devel-linux-x86_64-fedora-clang 0.1.0 144.53 NOTE
r-devel-linux-x86_64-fedora-gcc 0.1.0 131.89 NOTE
r-devel-windows-ix86+x86_64 0.1.0 65.00 152.00 217.00 OK
r-devel-windows-ix86+x86_64-gcc8 0.1.0 71.00 153.00 224.00 OK
r-patched-linux-x86_64 0.1.0 28.10 68.45 96.55 OK
r-patched-solaris-x86 0.1.0 195.90 NOTE
r-release-linux-x86_64 0.1.0 26.26 69.90 96.16 OK
r-release-windows-ix86+x86_64 0.1.0 79.00 132.00 211.00 OK
r-release-osx-x86_64 0.1.0 NOTE
r-oldrel-windows-ix86+x86_64 0.1.0 55.00 129.00 184.00 OK
r-oldrel-osx-x86_64 0.1.0 NOTE

Check Details

Version: 0.1.0
Check: dependencies in R code
Result: NOTE
    Namespaces in Imports field not imported from:
     ‘Rdpack’ ‘grDevices’
     All declared Imports should be used.
Flavors: r-devel-linux-x86_64-fedora-clang, r-devel-linux-x86_64-fedora-gcc, r-patched-solaris-x86, r-release-osx-x86_64, r-oldrel-osx-x86_64