CRAN Package Check Results for Package CPAT

Last updated on 2020-07-03 01:49:00 CEST.

Flavor Version Tinstall Tcheck Ttotal Status Flags
r-devel-linux-x86_64-debian-clang 0.1.0 38.88 88.45 127.33 OK
r-devel-linux-x86_64-debian-gcc 0.1.0 30.89 54.43 85.32 OK
r-devel-linux-x86_64-fedora-clang 0.1.0 165.44 NOTE
r-devel-linux-x86_64-fedora-gcc 0.1.0 139.04 NOTE
r-devel-windows-ix86+x86_64 0.1.0 96.00 204.00 300.00 OK
r-patched-linux-x86_64 0.1.0 33.16 72.58 105.74 OK
r-patched-solaris-x86 0.1.0 189.00 NOTE
r-release-linux-x86_64 0.1.0 29.20 71.46 100.66 OK
r-release-osx-x86_64 0.1.0 NOTE
r-release-windows-ix86+x86_64 0.1.0 76.00 165.00 241.00 OK
r-oldrel-osx-x86_64 0.1.0 NOTE
r-oldrel-windows-ix86+x86_64 0.1.0 72.00 196.00 268.00 OK

Check Details

Version: 0.1.0
Check: dependencies in R code
Result: NOTE
    Namespaces in Imports field not imported from:
     ‘Rdpack’ ‘grDevices’
     All declared Imports should be used.
Flavors: r-devel-linux-x86_64-fedora-clang, r-devel-linux-x86_64-fedora-gcc, r-patched-solaris-x86, r-release-osx-x86_64, r-oldrel-osx-x86_64