Last updated on 2023-12-06 07:50:11 CET.
Flavor | Version | Tinstall | Tcheck | Ttotal | Status | Flags |
---|---|---|---|---|---|---|
r-devel-linux-x86_64-debian-clang | 0.3.0 | 18.31 | 382.11 | 400.42 | OK | |
r-devel-linux-x86_64-debian-gcc | 0.3.0 | 15.15 | 301.66 | 316.81 | OK | |
r-devel-linux-x86_64-fedora-clang | 0.3.0 | 212.66 | NOTE | |||
r-devel-linux-x86_64-fedora-gcc | 0.3.0 | 203.05 | NOTE | |||
r-devel-windows-x86_64 | 0.3.0 | 17.00 | 298.00 | 315.00 | OK | |
r-patched-linux-x86_64 | 0.3.0 | 17.04 | 386.37 | 403.41 | OK | |
r-release-linux-x86_64 | 0.3.0 | 15.67 | 395.89 | 411.56 | OK | |
r-release-macos-arm64 | 0.3.0 | 115.00 | NOTE | |||
r-release-macos-x86_64 | 0.3.0 | 229.00 | NOTE | |||
r-release-windows-x86_64 | 0.3.0 | 21.00 | 381.00 | 402.00 | OK | |
r-oldrel-macos-arm64 | 0.3.0 | 133.00 | OK | |||
r-oldrel-macos-x86_64 | 0.3.0 | 215.00 | OK | |||
r-oldrel-windows-x86_64 | 0.3.0 | 21.00 | 388.00 | 409.00 | OK |
Version: 0.3.0
Check: package dependencies
Result: NOTE
Packages suggested but not available for checking: 'conos', 'pagoda2'
Flavors: r-devel-linux-x86_64-fedora-clang, r-devel-linux-x86_64-fedora-gcc
Version: 0.3.0
Check: package dependencies
Result: NOTE
Package suggested but not available for checking: ‘rhdf5’
Flavors: r-release-macos-arm64, r-release-macos-x86_64