CRAN Package Check Results for Package CSeqpat

Last updated on 2023-12-05 07:48:28 CET.

Flavor Version Tinstall Tcheck Ttotal Status Flags
r-devel-linux-x86_64-debian-clang 0.1.2 2.84 28.97 31.81 NOTE
r-devel-linux-x86_64-debian-gcc 0.1.2 2.05 21.95 24.00 NOTE
r-devel-linux-x86_64-fedora-clang 0.1.2 38.90 NOTE
r-devel-linux-x86_64-fedora-gcc 0.1.2 37.09 NOTE
r-devel-windows-x86_64 0.1.2 4.00 42.00 46.00 NOTE
r-patched-linux-x86_64 0.1.2 2.56 28.44 31.00 NOTE
r-release-linux-x86_64 0.1.2 2.71 28.31 31.02 NOTE
r-release-macos-arm64 0.1.2 18.00 NOTE
r-release-macos-x86_64 0.1.2 24.00 NOTE
r-release-windows-x86_64 0.1.2 4.00 43.00 47.00 NOTE
r-oldrel-macos-arm64 0.1.2 19.00 NOTE
r-oldrel-macos-x86_64 0.1.2 23.00 NOTE
r-oldrel-windows-x86_64 0.1.2 4.00 49.00 53.00 NOTE

Check Details

Version: 0.1.2
Check: LazyData
Result: NOTE 'LazyData' is specified without a 'data' directory Flavors: r-devel-linux-x86_64-debian-clang, r-devel-linux-x86_64-debian-gcc, r-devel-linux-x86_64-fedora-clang, r-devel-linux-x86_64-fedora-gcc, r-devel-windows-x86_64, r-patched-linux-x86_64, r-release-linux-x86_64, r-release-macos-arm64, r-release-macos-x86_64, r-release-windows-x86_64, r-oldrel-macos-arm64, r-oldrel-macos-x86_64, r-oldrel-windows-x86_64