CRAN Package Check Results for Package CUFF

Last updated on 2021-12-08 01:51:40 CET.

Flavor Version Tinstall Tcheck Ttotal Status Flags
r-devel-linux-x86_64-debian-clang 1.7 17.78 142.87 160.65 NOTE
r-devel-linux-x86_64-debian-gcc 1.7 15.00 115.59 130.59 NOTE
r-devel-linux-x86_64-fedora-clang 1.7 208.38 NOTE
r-devel-linux-x86_64-fedora-gcc 1.7 193.64 NOTE
r-devel-windows-x86_64-new-UL 1.7 26.00 162.00 188.00 NOTE
r-devel-windows-x86_64-new-TK 1.7 NOTE
r-devel-windows-x86_64-old 1.7 26.00 151.00 177.00 NOTE
r-patched-linux-x86_64 1.7 16.28 144.34 160.62 NOTE
r-release-linux-x86_64 1.7 15.72 146.56 162.28 NOTE
r-release-macos-arm64 1.7 NOTE
r-release-macos-x86_64 1.7 NOTE
r-release-windows-ix86+x86_64 1.7 28.00 144.00 172.00 NOTE
r-oldrel-macos-x86_64 1.7 OK
r-oldrel-windows-ix86+x86_64 1.7 36.00 156.00 192.00 OK

Check Details

Version: 1.7
Check: LazyData
Result: NOTE
     'LazyData' is specified without a 'data' directory
Flavors: r-devel-linux-x86_64-debian-clang, r-devel-linux-x86_64-debian-gcc, r-devel-linux-x86_64-fedora-clang, r-devel-linux-x86_64-fedora-gcc, r-devel-windows-x86_64-new-UL, r-devel-windows-x86_64-new-TK, r-devel-windows-x86_64-old, r-patched-linux-x86_64, r-release-linux-x86_64, r-release-macos-arm64, r-release-macos-x86_64, r-release-windows-ix86+x86_64