CRAN Package Check Results for Package CVR

Last updated on 2020-07-09 01:57:26 CEST.

Flavor Version Tinstall Tcheck Ttotal Status Flags
r-devel-linux-x86_64-debian-clang 0.1.1 46.02 30.91 76.93 OK
r-devel-linux-x86_64-debian-gcc 0.1.1 36.98 24.45 61.43 OK
r-devel-linux-x86_64-fedora-clang 0.1.1 113.07 NOTE
r-devel-linux-x86_64-fedora-gcc 0.1.1 99.60 OK
r-devel-windows-ix86+x86_64 0.1.1 88.00 64.00 152.00 OK
r-patched-linux-x86_64 0.1.1 38.12 30.69 68.81 OK
r-patched-solaris-x86 0.1.1 109.40 OK
r-release-linux-x86_64 0.1.1 37.68 30.70 68.38 OK
r-release-osx-x86_64 0.1.1 NOTE
r-release-windows-ix86+x86_64 0.1.1 81.00 93.00 174.00 OK
r-oldrel-osx-x86_64 0.1.1 OK
r-oldrel-windows-ix86+x86_64 0.1.1 84.00 89.00 173.00 OK

Check Details

Version: 0.1.1
Check: installed package size
Result: NOTE
     installed size is 5.1Mb
     sub-directories of 1Mb or more:
     libs 4.3Mb
Flavors: r-devel-linux-x86_64-fedora-clang, r-release-osx-x86_64