CRAN Package Check Results for Package CVXR

Last updated on 2020-09-19 00:50:02 CEST.

Flavor Version Tinstall Tcheck Ttotal Status Flags
r-devel-linux-x86_64-debian-clang 1.0-8 182.84 304.94 487.78 NOTE
r-devel-linux-x86_64-debian-gcc 1.0-8 139.34 228.96 368.30 NOTE
r-devel-linux-x86_64-fedora-clang 1.0-8 625.90 NOTE
r-devel-linux-x86_64-fedora-gcc 1.0-8 608.60 NOTE
r-devel-windows-ix86+x86_64 1.0-8 343.00 555.00 898.00 NOTE
r-patched-linux-x86_64 1.0-8 147.51 299.96 447.47 NOTE
r-patched-solaris-x86 1.0-8 572.50 ERROR
r-release-linux-x86_64 1.0-8 155.28 300.39 455.67 NOTE
r-release-macos-x86_64 1.0-8 NOTE
r-release-windows-ix86+x86_64 1.0-1 349.00 1164.00 1513.00 NOTE
r-oldrel-macos-x86_64 1.0-8 NOTE
r-oldrel-windows-ix86+x86_64 1.0-8 223.00 390.00 613.00 NOTE

Check Details

Version: 1.0-8
Check: package dependencies
Result: NOTE
    Packages which this enhances but not available for checking:
     'gurobi', 'rcbc'
Flavors: r-devel-linux-x86_64-debian-clang, r-devel-linux-x86_64-debian-gcc, r-patched-linux-x86_64, r-release-linux-x86_64

Version: 1.0-8
Check: package dependencies
Result: NOTE
    Packages which this enhances but not available for checking:
     'Rcplex', 'gurobi', 'rcbc'
Flavors: r-devel-linux-x86_64-fedora-clang, r-devel-linux-x86_64-fedora-gcc, r-devel-windows-ix86+x86_64, r-release-macos-x86_64, r-oldrel-macos-x86_64, r-oldrel-windows-ix86+x86_64

Version: 1.0-8
Check: installed package size
Result: NOTE
     installed size is 11.3Mb
     sub-directories of 1Mb or more:
     R 2.7Mb
     doc 1.3Mb
     help 1.0Mb
     libs 5.9Mb
Flavors: r-devel-linux-x86_64-fedora-clang, r-devel-windows-ix86+x86_64, r-patched-solaris-x86, r-release-macos-x86_64, r-oldrel-macos-x86_64, r-oldrel-windows-ix86+x86_64

Version: 1.0-8
Check: package dependencies
Result: NOTE
    Packages which this enhances but not available for checking:
     'Rcplex', 'gurobi', 'rcbc', 'Rmosek'
Flavor: r-patched-solaris-x86

Version: 1.0-8
Check: examples
Result: ERROR
    Running examples in ‘CVXR-Ex.R’ failed
    The error most likely occurred in:
    
    > ### Name: diag,Expression-method
    > ### Title: Matrix Diagonal
    > ### Aliases: diag,Expression-method diag
    >
    > ### ** Examples
    >
    > C <- Variable(3,3)
    > obj <- Maximize(C[1,3])
    > constraints <- list(diag(C) == 1, C[1,2] == 0.6, C[2,3] == -0.3, C == Variable(3,3, PSD = TRUE))
    > prob <- Problem(obj, constraints)
    > result <- solve(prob)
    
     *** caught segfault ***
    address 0, cause 'memory not mapped'
    
    Traceback:
     1: scs::scs(A = args$A, b = args$b, obj = args$c, cone = cones, control = control)
     2: solve_via_data([email protected], data, warm_start, verbose, feastol, reltol, abstol, num_iter, solver_opts, [email protected]_cache)
     3: solve_via_data([email protected], data, warm_start, verbose, feastol, reltol, abstol, num_iter, solver_opts, [email protected]_cache)
     4: reduction_solve_via_data([email protected]_chain, object, data, warm_start, verbose, feastol, reltol, abstol, num_iter, list(...))
     5: reduction_solve_via_data([email protected]_chain, object, data, warm_start, verbose, feastol, reltol, abstol, num_iter, list(...))
     6: psolve(a, solver = NA, ...)
     7: psolve(a, solver = NA, ...)
     8: solve(prob)
     9: solve(prob)
    An irrecoverable exception occurred. R is aborting now ...
Flavor: r-patched-solaris-x86

Version: 1.0-1
Check: package dependencies
Result: NOTE
    Packages suggested but not available for checking:
     'gurobi', 'Rcplex', 'rcbc'
Flavor: r-release-windows-ix86+x86_64

Version: 1.0-1
Check: installed package size
Result: NOTE
     installed size is 7.7Mb
     sub-directories of 1Mb or more:
     R 2.6Mb
     doc 1.2Mb
     help 1.0Mb
     libs 2.4Mb
Flavor: r-release-windows-ix86+x86_64