CRAN Package Check Results for Package Cairo

Last updated on 2022-12-06 00:51:06 CET.

Flavor Version Tinstall Tcheck Ttotal Status Flags
r-devel-linux-x86_64-debian-clang 1.6-0 9.68 27.57 37.25 WARN
r-devel-linux-x86_64-debian-gcc 1.6-0 6.61 21.88 28.49 WARN
r-devel-linux-x86_64-fedora-clang 1.6-0 60.37 WARN
r-devel-linux-x86_64-fedora-gcc 1.6-0 57.62 WARN
r-devel-windows-x86_64 1.6-0 31.00 91.00 122.00 NOTE
r-patched-linux-x86_64 1.6-0 7.86 26.52 34.38 OK
r-release-linux-x86_64 1.6-0 7.63 26.79 34.42 OK
r-release-macos-arm64 1.6-0 40.00 NOTE
r-release-macos-x86_64 1.6-0 59.00 NOTE
r-release-windows-x86_64 1.6-0 76.00 97.00 173.00 NOTE
r-oldrel-macos-arm64 1.6-0 37.00 NOTE
r-oldrel-macos-x86_64 1.6-0 62.00 NOTE
r-oldrel-windows-ix86+x86_64 1.6-0 30.00 74.00 104.00 OK

Check Details

Version: 1.6-0
Check: whether package can be installed
Result: WARN
    Found the following significant warnings:
     cairobem.c:50:28: warning: a function declaration without a prototype is deprecated in all versions of C [-Wstrict-prototypes]
     ./Rapi.h:9:23: warning: a function declaration without a prototype is deprecated in all versions of C [-Wstrict-prototypes]
     ./Rapi.h:11:28: warning: a function declaration without a prototype is deprecated in all versions of C [-Wstrict-prototypes]
     cairotalk.c:661:38: warning: a function declaration without a prototype is deprecated in all versions of C [-Wstrict-prototypes]
     cairotalk.c:1552:38: warning: a function declaration without a prototype is deprecated in all versions of C [-Wstrict-prototypes]
     cairotalk.c:1588:23: warning: a function declaration without a prototype is deprecated in all versions of C [-Wstrict-prototypes]
     xlib-backend.c:156:29: warning: a function declaration without a prototype is deprecated in all versions of C [-Wstrict-prototypes]
Flavors: r-devel-linux-x86_64-debian-clang, r-devel-linux-x86_64-fedora-clang

Version: 1.6-0
Check: whether package can be installed
Result: WARN
    Found the following significant warnings:
     cairobem.c:50:6: warning: function declaration isn’t a prototype [-Wstrict-prototypes]
     Rapi.h:9:1: warning: function declaration isn’t a prototype [-Wstrict-prototypes]
     Rapi.h:11:1: warning: function declaration isn’t a prototype [-Wstrict-prototypes]
     cairotalk.c:661:23: warning: function declaration isn’t a prototype [-Wstrict-prototypes]
     cairotalk.c:1552:6: warning: function declaration isn’t a prototype [-Wstrict-prototypes]
     cairotalk.c:1588:6: warning: function declaration isn’t a prototype [-Wstrict-prototypes]
     xlib-backend.c:156:13: warning: function declaration isn’t a prototype [-Wstrict-prototypes]
Flavors: r-devel-linux-x86_64-debian-gcc, r-devel-linux-x86_64-fedora-gcc

Version: 1.6-0
Check: installed package size
Result: NOTE
     installed size is 7.0Mb
     sub-directories of 1Mb or more:
     libs 6.9Mb
Flavors: r-devel-windows-x86_64, r-release-macos-arm64, r-release-macos-x86_64, r-release-windows-x86_64, r-oldrel-macos-arm64, r-oldrel-macos-x86_64