CRAN Package Check Results for Package CaliCo

Last updated on 2019-10-18 02:47:38 CEST.

Flavor Version Tinstall Tcheck Ttotal Status Flags
r-devel-linux-x86_64-debian-clang 0.1.1 46.34 59.12 105.46 NOTE
r-devel-linux-x86_64-debian-gcc 0.1.1 34.11 45.94 80.05 NOTE
r-devel-linux-x86_64-fedora-clang 0.1.1 133.35 NOTE
r-devel-linux-x86_64-fedora-gcc 0.1.1 130.70 NOTE
r-devel-windows-ix86+x86_64 0.1.1 96.00 157.00 253.00 OK
r-patched-linux-x86_64 0.1.1 39.05 57.67 96.72 NOTE
r-patched-solaris-x86 0.1.1 149.60 OK
r-release-linux-x86_64 0.1.1 38.03 58.39 96.42 NOTE
r-release-windows-ix86+x86_64 0.1.1 60.00 97.00 157.00 OK
r-release-osx-x86_64 0.1.1 OK
r-oldrel-windows-ix86+x86_64 0.1.1 66.00 92.00 158.00 OK
r-oldrel-osx-x86_64 0.1.1 OK

Check Details

Version: 0.1.1
Check: use of SHLIB_OPENMP_*FLAGS in Makefiles
Result: NOTE
     src/Makevars: SHLIB_OPENMP_CXXFLAGS is included in PKG_CXXFLAGS but not in PKG_LIBS
     src/Makevars: SHLIB_OPENMP_CFLAGS is included in PKG_LIBS but linking is by C++
     src/Makevars.win: SHLIB_OPENMP_CXXFLAGS is included in PKG_CXXFLAGS but not in PKG_LIBS
     src/Makevars.win: SHLIB_OPENMP_CFLAGS is included in PKG_LIBS but linking is by C++
    Use of these macros is discussed in sect 1.2.1.1 of 'Writing R
    Extensions'. The macros for different languages may differ so the
    matching macro must be used in PKG_CXXFLAGS (etc) and match that used
    in PKG_LIBS (except for Fortran: see the manual).
Flavors: r-devel-linux-x86_64-debian-clang, r-devel-linux-x86_64-debian-gcc, r-devel-linux-x86_64-fedora-clang, r-devel-linux-x86_64-fedora-gcc, r-patched-linux-x86_64, r-release-linux-x86_64