CRAN Package Check Results for Package CalibrateSSB

Last updated on 2020-09-21 02:49:18 CEST.

Flavor Version Tinstall Tcheck Ttotal Status Flags
r-devel-linux-x86_64-debian-clang 1.3.0 10.88 99.37 110.25 NOTE
r-devel-linux-x86_64-debian-gcc 1.3.0 8.88 74.80 83.68 NOTE
r-devel-linux-x86_64-fedora-clang 1.3.0 143.80 NOTE
r-devel-linux-x86_64-fedora-gcc 1.3.0 138.95 NOTE
r-devel-windows-ix86+x86_64 1.3.0 21.00 130.00 151.00 NOTE
r-patched-linux-x86_64 1.3.0 9.06 96.83 105.89 NOTE
r-patched-solaris-x86 1.3.0 190.00 NOTE
r-release-linux-x86_64 1.3.0 8.52 99.44 107.96 NOTE
r-release-macos-x86_64 1.3.0 NOTE
r-release-windows-ix86+x86_64 1.3.0 21.00 126.00 147.00 NOTE
r-oldrel-macos-x86_64 1.3.0 NOTE
r-oldrel-windows-ix86+x86_64 1.3.0 12.00 119.00 131.00 NOTE

Check Details

Version: 1.3.0
Check: package dependencies
Result: NOTE
    Package suggested but not available for checking: 'ReGenesees'
Flavors: r-devel-linux-x86_64-debian-clang, r-devel-linux-x86_64-debian-gcc, r-devel-linux-x86_64-fedora-clang, r-devel-linux-x86_64-fedora-gcc, r-devel-windows-ix86+x86_64, r-patched-linux-x86_64, r-patched-solaris-x86, r-release-linux-x86_64, r-release-macos-x86_64, r-release-windows-ix86+x86_64, r-oldrel-macos-x86_64, r-oldrel-windows-ix86+x86_64