CRAN Package Check Results for Package CamelUp

Last updated on 2022-06-30 01:49:04 CEST.

Flavor Version Tinstall Tcheck Ttotal Status Flags
r-devel-linux-x86_64-debian-clang 2.0.3 111.43 89.06 200.49 NOTE
r-devel-linux-x86_64-debian-gcc 2.0.3 99.25 68.20 167.45 NOTE
r-devel-linux-x86_64-fedora-clang 2.0.3 309.89 NOTE
r-devel-linux-x86_64-fedora-gcc 2.0.3 276.78 NOTE
r-devel-windows-x86_64 2.0.3 89.00 132.00 221.00 NOTE
r-patched-linux-x86_64 2.0.3 98.99 89.25 188.24 NOTE
r-release-linux-x86_64 2.0.3 101.45 86.39 187.84 NOTE
r-release-macos-arm64 2.0.3 70.00 NOTE
r-release-macos-x86_64 2.0.3 118.00 NOTE
r-release-windows-x86_64 2.0.3 281.00 139.00 420.00 NOTE
r-oldrel-macos-arm64 2.0.3 76.00 NOTE
r-oldrel-macos-x86_64 2.0.3 114.00 NOTE
r-oldrel-windows-ix86+x86_64 2.0.3 263.00 162.00 425.00 NOTE

Check Details

Version: 2.0.3
Check: LazyData
Result: NOTE
     'LazyData' is specified without a 'data' directory
Flavors: r-devel-linux-x86_64-debian-clang, r-devel-linux-x86_64-debian-gcc, r-devel-linux-x86_64-fedora-clang, r-devel-linux-x86_64-fedora-gcc, r-devel-windows-x86_64, r-patched-linux-x86_64, r-release-linux-x86_64, r-release-macos-arm64, r-release-macos-x86_64, r-release-windows-x86_64, r-oldrel-macos-arm64, r-oldrel-macos-x86_64, r-oldrel-windows-ix86+x86_64

Version: 2.0.3
Check: installed package size
Result: NOTE
     installed size is 7.9Mb
     sub-directories of 1Mb or more:
     libs 7.6Mb
Flavors: r-devel-linux-x86_64-fedora-clang, r-release-macos-arm64, r-release-macos-x86_64, r-oldrel-macos-arm64, r-oldrel-macos-x86_64