CRAN Package Check Results for Package CautiousLearning

Last updated on 2020-07-09 01:57:25 CEST.

Flavor Version Tinstall Tcheck Ttotal Status Flags
r-devel-linux-x86_64-debian-clang 1.0.1 20.86 28.68 49.54 OK
r-devel-linux-x86_64-debian-gcc 1.0.1 16.03 22.73 38.76 OK
r-devel-linux-x86_64-fedora-clang 1.0.1 73.04 NOTE
r-devel-linux-x86_64-fedora-gcc 1.0.1 59.79 OK
r-devel-windows-ix86+x86_64 1.0.1 45.00 60.00 105.00 OK
r-patched-linux-x86_64 1.0.1 19.14 28.46 47.60 OK
r-patched-solaris-x86 1.0.1 80.70 OK
r-release-linux-x86_64 1.0.1 17.24 27.86 45.10 OK
r-release-osx-x86_64 1.0.1 OK
r-release-windows-ix86+x86_64 1.0.1 51.00 74.00 125.00 OK
r-oldrel-osx-x86_64 1.0.1 OK
r-oldrel-windows-ix86+x86_64 1.0.1 44.00 82.00 126.00 OK

Check Details

Version: 1.0.1
Check: Rd cross-references
Result: NOTE
    Undeclared package ‘sitmo’ in Rd xrefs
Flavor: r-devel-linux-x86_64-fedora-clang