CRAN Package Check Results for Package Chaos01

Last updated on 2024-02-22 07:52:02 CET.

Flavor Version Tinstall Tcheck Ttotal Status Flags
r-devel-linux-x86_64-debian-clang 1.2.1 NOTE
r-devel-linux-x86_64-debian-gcc 1.2.1 3.30 22.08 25.38 NOTE
r-devel-linux-x86_64-fedora-clang 1.2.1 41.00 NOTE
r-devel-linux-x86_64-fedora-gcc 1.2.1 39.27 NOTE
r-devel-windows-x86_64 1.2.1 7.00 45.00 52.00 NOTE
r-patched-linux-x86_64 1.2.1 4.47 27.82 32.29 NOTE
r-release-linux-x86_64 1.2.1 4.12 28.11 32.23 NOTE
r-release-macos-arm64 1.2.1 18.00 NOTE
r-release-macos-x86_64 1.2.1 24.00 NOTE
r-release-windows-x86_64 1.2.1 8.00 47.00 55.00 NOTE
r-oldrel-macos-arm64 1.2.1 17.00 NOTE
r-oldrel-windows-x86_64 1.2.1 9.00 50.00 59.00 NOTE

Check Details

Version: 1.2.1
Check: LazyData
Result: NOTE 'LazyData' is specified without a 'data' directory Flavors: r-devel-linux-x86_64-debian-clang, r-devel-linux-x86_64-debian-gcc, r-devel-linux-x86_64-fedora-clang, r-devel-linux-x86_64-fedora-gcc, r-devel-windows-x86_64, r-patched-linux-x86_64, r-release-linux-x86_64, r-release-macos-arm64, r-release-macos-x86_64, r-release-windows-x86_64, r-oldrel-macos-arm64, r-oldrel-windows-x86_64

Version: 1.2.1
Check: package dependencies
Result: NOTE Package suggested but not available for checking: ‘pbdMPI’ Flavors: r-release-macos-arm64, r-release-macos-x86_64, r-oldrel-macos-arm64