CRAN Package Check Results for Package ChaosGame

Last updated on 2020-07-05 01:49:05 CEST.

Flavor Version Tinstall Tcheck Ttotal Status Flags
r-devel-linux-x86_64-debian-clang 0.4 9.34 60.50 69.84 OK
r-devel-linux-x86_64-debian-gcc 0.4 7.80 46.61 54.41 OK
r-devel-linux-x86_64-fedora-clang 0.4 91.65 OK
r-devel-linux-x86_64-fedora-gcc 0.4 81.31 OK
r-devel-windows-ix86+x86_64 0.4 35.00 106.00 141.00 OK
r-patched-linux-x86_64 0.4 9.46 59.03 68.49 OK
r-patched-solaris-x86 0.4 108.50 OK
r-release-linux-x86_64 0.4 8.68 59.37 68.05 OK
r-release-osx-x86_64 0.4 OK
r-release-windows-ix86+x86_64 0.4 19.00 68.00 87.00 OK
r-oldrel-osx-x86_64 0.4 WARN
r-oldrel-windows-ix86+x86_64 0.4 21.00 124.00 145.00 OK

Check Details

Version: 0.4
Check: whether package can be installed
Result: WARN
    Found the following significant warnings:
     Warning: 'rgl_init' failed, running with rgl.useNULL = TRUE
Flavor: r-oldrel-osx-x86_64