CRAN Package Check Results for Package ClimProjDiags

Last updated on 2024-06-13 06:57:57 CEST.

Flavor Version Tinstall Tcheck Ttotal Status Flags
r-devel-linux-x86_64-debian-clang 0.3.3 6.37 48.92 55.29 OK
r-devel-linux-x86_64-debian-gcc 0.3.3 3.91 37.38 41.29 NOTE
r-devel-linux-x86_64-fedora-clang 0.3.3 70.99 NOTE
r-devel-linux-x86_64-fedora-gcc 0.3.3 79.16 OK
r-devel-windows-x86_64 0.3.3 6.00 59.00 65.00 OK
r-patched-linux-x86_64 0.3.3 6.87 48.97 55.84 OK
r-release-linux-x86_64 0.3.3 5.00 46.80 51.80 OK
r-release-macos-arm64 0.3.3 30.00 OK
r-release-macos-x86_64 0.3.3 45.00 OK
r-release-windows-x86_64 0.3.3 6.00 59.00 65.00 OK
r-oldrel-macos-arm64 0.3.3 36.00 OK
r-oldrel-macos-x86_64 0.3.3 58.00 OK
r-oldrel-windows-x86_64 0.3.3 7.00 61.00 68.00 OK

Check Details

Version: 0.3.3
Check: package dependencies
Result: NOTE Package suggested but not available for checking: ‘testthat’ Flavor: r-devel-linux-x86_64-debian-gcc

Version: 0.3.3
Check: Rd cross-references
Result: NOTE Undeclared package ‘s2dv’ in Rd xrefs Flavor: r-devel-linux-x86_64-fedora-clang