CRAN Package Check Results for Package ClussCluster

Last updated on 2023-12-03 08:50:03 CET.

Flavor Version Tinstall Tcheck Ttotal Status Flags
r-devel-linux-x86_64-debian-clang 0.1.0 6.35 69.65 76.00 OK
r-devel-linux-x86_64-debian-gcc 0.1.0 5.46 51.77 57.23 OK
r-devel-linux-x86_64-fedora-clang 0.1.0 93.32 NOTE
r-devel-linux-x86_64-fedora-gcc 0.1.0 100.24 NOTE
r-devel-windows-x86_64 0.1.0 7.00 70.00 77.00 OK
r-patched-linux-x86_64 0.1.0 6.84 64.78 71.62 OK
r-release-linux-x86_64 0.1.0 5.92 65.52 71.44 OK
r-release-macos-arm64 0.1.0 38.00 OK
r-release-macos-x86_64 0.1.0 57.00 OK
r-release-windows-x86_64 0.1.0 10.00 79.00 89.00 OK
r-oldrel-macos-arm64 0.1.0 29.00 NOTE
r-oldrel-macos-x86_64 0.1.0 58.00 NOTE
r-oldrel-windows-x86_64 0.1.0 8.00 84.00 92.00 OK

Check Details

Version: 0.1.0
Check: dependencies in R code
Result: NOTE Namespace in Imports field not imported from: ‘utils’ All declared Imports should be used. Flavors: r-devel-linux-x86_64-fedora-clang, r-devel-linux-x86_64-fedora-gcc, r-oldrel-macos-arm64, r-oldrel-macos-x86_64