CRAN Package Check Results for Package ClustGeo

Last updated on 2023-02-07 00:54:12 CET.

Flavor Version Tinstall Tcheck Ttotal Status Flags
r-devel-linux-x86_64-debian-clang 2.1 2.22 36.81 39.03 OK
r-devel-linux-x86_64-debian-gcc 2.1 2.10 27.95 30.05 OK
r-devel-linux-x86_64-fedora-clang 2.1 49.59 NOTE
r-devel-linux-x86_64-fedora-gcc 2.1 62.60 NOTE
r-devel-windows-x86_64 2.1 11.00 70.00 81.00 OK
r-patched-linux-x86_64 2.1 2.20 35.71 37.91 OK
r-release-linux-x86_64 2.1 2.80 37.94 40.74 OK
r-release-macos-arm64 2.1 23.00 NOTE
r-release-macos-x86_64 2.1 33.00 NOTE
r-release-windows-x86_64 2.1 13.00 76.00 89.00 OK
r-oldrel-macos-arm64 2.1 24.00 NOTE
r-oldrel-macos-x86_64 2.1 32.00 NOTE
r-oldrel-windows-ix86+x86_64 2.1 7.00 70.00 77.00 OK

Check Details

Version: 2.1
Check: dependencies in R code
Result: NOTE
    Namespaces in Imports field not imported from:
     ‘sp’ ‘spdep’
     All declared Imports should be used.
Flavors: r-devel-linux-x86_64-fedora-clang, r-devel-linux-x86_64-fedora-gcc, r-release-macos-arm64, r-release-macos-x86_64, r-oldrel-macos-arm64, r-oldrel-macos-x86_64