Last updated on 2025-01-21 07:49:09 CET.
Flavor | Version | Tinstall | Tcheck | Ttotal | Status | Flags |
---|---|---|---|---|---|---|
r-devel-linux-x86_64-debian-clang | 1.3.3 | 56.46 | 165.12 | 221.58 | OK | |
r-devel-linux-x86_64-debian-gcc | 1.3.3 | 44.89 | 92.97 | 137.86 | OK | |
r-devel-linux-x86_64-fedora-clang | 1.3.3 | 372.04 | OK | |||
r-devel-linux-x86_64-fedora-gcc | 1.3.3 | 371.88 | OK | |||
r-devel-windows-x86_64 | 1.3.3 | 61.00 | 181.00 | 242.00 | OK | |
r-patched-linux-x86_64 | 1.3.3 | 64.06 | 142.96 | 207.02 | OK | |
r-release-linux-x86_64 | 1.3.3 | 63.30 | 144.14 | 207.44 | OK | |
r-release-macos-arm64 | 1.3.3 | 107.00 | NOTE | |||
r-release-macos-x86_64 | 1.3.3 | 325.00 | NOTE | |||
r-release-windows-x86_64 | 1.3.3 | 61.00 | 183.00 | 244.00 | OK | |
r-oldrel-macos-arm64 | 1.3.3 | 150.00 | NOTE | |||
r-oldrel-macos-x86_64 | 1.3.3 | 324.00 | NOTE | |||
r-oldrel-windows-x86_64 | 1.3.3 | 69.00 | 240.00 | 309.00 | OK |
Version: 1.3.3
Check: installed package size
Result: NOTE
installed size is 9.3Mb
sub-directories of 1Mb or more:
libs 8.0Mb
Flavors: r-release-macos-arm64, r-release-macos-x86_64, r-oldrel-macos-arm64, r-oldrel-macos-x86_64