CRAN Package Check Results for Package ClusterR

Last updated on 2024-02-23 07:52:05 CET.

Flavor Version Tinstall Tcheck Ttotal Status Flags
r-devel-linux-x86_64-debian-clang 1.3.2 OK
r-devel-linux-x86_64-debian-gcc 1.3.2 69.34 142.69 212.03 OK
r-devel-linux-x86_64-fedora-clang 1.3.2 350.22 OK
r-devel-linux-x86_64-fedora-gcc 1.3.2 375.11 OK
r-devel-windows-x86_64 1.3.2 61.00 185.00 246.00 OK
r-patched-linux-x86_64 1.3.2 79.50 196.31 275.81 OK
r-release-linux-x86_64 1.3.2 84.26 193.57 277.83 OK
r-release-macos-arm64 1.3.2 109.00 NOTE
r-release-macos-x86_64 1.3.2 202.00 NOTE
r-release-windows-x86_64 1.3.2 78.00 240.00 318.00 OK
r-oldrel-macos-arm64 1.3.2 107.00 NOTE
r-oldrel-windows-x86_64 1.3.2 74.00 250.00 324.00 OK

Check Details

Version: 1.3.2
Check: installed package size
Result: NOTE installed size is 9.3Mb sub-directories of 1Mb or more: libs 8.0Mb Flavors: r-release-macos-arm64, r-release-macos-x86_64, r-oldrel-macos-arm64