Last updated on 2022-07-02 01:48:52 CEST.
Flavor | Version | Tinstall | Tcheck | Ttotal | Status | Flags |
---|---|---|---|---|---|---|
r-devel-linux-x86_64-debian-clang | 1.0.3 | 31.60 | 138.76 | 170.36 | OK | |
r-devel-linux-x86_64-debian-gcc | 1.0.3 | 27.45 | 102.44 | 129.89 | OK | |
r-devel-linux-x86_64-fedora-clang | 1.0.3 | 224.10 | WARN | |||
r-devel-linux-x86_64-fedora-gcc | 1.0.3 | 230.60 | WARN | |||
r-devel-windows-x86_64 | 1.0.3 | 47.00 | 173.00 | 220.00 | OK | |
r-patched-linux-x86_64 | 1.0.3 | 33.75 | 132.23 | 165.98 | OK | |
r-release-linux-x86_64 | 1.0.3 | 28.92 | 131.05 | 159.97 | OK | |
r-release-macos-arm64 | 1.0.3 | 55.00 | OK | |||
r-release-macos-x86_64 | 1.0.3 | 100.00 | OK | |||
r-release-windows-x86_64 | 1.0.3 | 104.00 | 168.00 | 272.00 | OK | |
r-oldrel-macos-arm64 | 1.0.3 | 61.00 | OK | |||
r-oldrel-macos-x86_64 | 1.0.3 | 103.00 | OK | |||
r-oldrel-windows-ix86+x86_64 | 1.0.3 | 86.00 | 213.00 | 299.00 | OK |
Version: 1.0.3
Check: package dependencies
Result: WARN
Requires (indirectly) orphaned package: ‘gtools’
Flavors: r-devel-linux-x86_64-fedora-clang, r-devel-linux-x86_64-fedora-gcc
Version: 1.0.3
Check: compiled code
Result: NOTE
File ‘ClusterStability/libs/ClusterStability.so’:
Found no calls to: ‘R_registerRoutines’, ‘R_useDynamicSymbols’
It is good practice to register native routines and to disable symbol
search.
See ‘Writing portable packages’ in the ‘Writing R Extensions’ manual.
Flavors: r-devel-linux-x86_64-fedora-clang, r-devel-linux-x86_64-fedora-gcc