Last updated on 2023-02-05 01:54:14 CET.
Flavor | Version | Tinstall | Tcheck | Ttotal | Status | Flags |
---|---|---|---|---|---|---|
r-devel-linux-x86_64-debian-clang | 1.0.3 | 31.01 | 92.45 | 123.46 | OK | |
r-devel-linux-x86_64-debian-gcc | 1.0.3 | 24.17 | 69.04 | 93.21 | OK | |
r-devel-linux-x86_64-fedora-clang | 1.0.3 | 156.21 | NOTE | |||
r-devel-linux-x86_64-fedora-gcc | 1.0.3 | 162.39 | NOTE | |||
r-devel-windows-x86_64 | 1.0.3 | 40.00 | 137.00 | 177.00 | OK | |
r-patched-linux-x86_64 | 1.0.3 | 27.14 | 86.72 | 113.86 | OK | |
r-release-linux-x86_64 | 1.0.3 | 27.83 | 89.92 | 117.75 | OK | |
r-release-macos-arm64 | 1.0.3 | 55.00 | OK | |||
r-release-macos-x86_64 | 1.0.3 | 100.00 | OK | |||
r-release-windows-x86_64 | 1.0.3 | 37.00 | 143.00 | 180.00 | OK | |
r-oldrel-macos-arm64 | 1.0.3 | 61.00 | OK | |||
r-oldrel-macos-x86_64 | 1.0.3 | 103.00 | OK | |||
r-oldrel-windows-ix86+x86_64 | 1.0.3 | 69.00 | 154.00 | 223.00 | OK |
Version: 1.0.3
Check: compiled code
Result: NOTE
File ‘ClusterStability/libs/ClusterStability.so’:
Found no calls to: ‘R_registerRoutines’, ‘R_useDynamicSymbols’
It is good practice to register native routines and to disable symbol
search.
See ‘Writing portable packages’ in the ‘Writing R Extensions’ manual.
Flavors: r-devel-linux-x86_64-fedora-clang, r-devel-linux-x86_64-fedora-gcc